{"id":2566,"date":"2024-02-20T18:04:44","date_gmt":"2024-02-20T17:04:44","guid":{"rendered":"https:\/\/pop-co.fr\/index.php\/product\/replique-pokemon-pokeball\/"},"modified":"2025-06-28T13:22:46","modified_gmt":"2025-06-28T11:22:46","slug":"replique-pokemon-pokeball","status":"publish","type":"product","link":"https:\/\/pop-co.fr\/index.php\/product\/replique-pokemon-pokeball\/","title":{"rendered":"REPLIQUE &#8211; POKEMON &#8211; Pokeball"},"content":{"rendered":"<p>Pok\u00e9 Ball sous licence officielle Pok\u00e9mon, avec fonctions \u00e9lectroniques (halo lumineux, capteur de toucher et de proximit\u00e9).<\/p>\n<p>Diam\u00e8tre de la Pok\u00e9 Ball env. 8 cm, taille de la bo\u00eete env. 9 x 10 x 10 cm.<\/p>\n<p>Piles incluses.<\/p>\n","protected":false},"excerpt":{"rendered":"<p>Pok\u00e9 Ball sous licence officielle Pok\u00e9mon, avec fonctions \u00e9lectroniques (halo lumineux, capteur de toucher et de proximit\u00e9). Diam\u00e8tre de la Pok\u00e9 Ball env. 8 cm, taille de la bo\u00eete env. 9 x 10 x 10 cm. Piles incluses.<\/p>\n","protected":false},"featured_media":149494,"comment_status":"open","ping_status":"closed","template":"","meta":[],"product_cat":[34,20],"product_tag":[],"aioseo_notices":[],"jetpack_sharing_enabled":true,"_links":{"self":[{"href":"https:\/\/pop-co.fr\/index.php\/wp-json\/wp\/v2\/product\/2566"}],"collection":[{"href":"https:\/\/pop-co.fr\/index.php\/wp-json\/wp\/v2\/product"}],"about":[{"href":"https:\/\/pop-co.fr\/index.php\/wp-json\/wp\/v2\/types\/product"}],"replies":[{"embeddable":true,"href":"https:\/\/pop-co.fr\/index.php\/wp-json\/wp\/v2\/comments?post=2566"}],"version-history":[{"count":0,"href":"https:\/\/pop-co.fr\/index.php\/wp-json\/wp\/v2\/product\/2566\/revisions"}],"wp:featuredmedia":[{"embeddable":true,"href":"https:\/\/pop-co.fr\/index.php\/wp-json\/wp\/v2\/media\/149494"}],"wp:attachment":[{"href":"https:\/\/pop-co.fr\/index.php\/wp-json\/wp\/v2\/media?parent=2566"}],"wp:term":[{"taxonomy":"product_cat","embeddable":true,"href":"https:\/\/pop-co.fr\/index.php\/wp-json\/wp\/v2\/product_cat?post=2566"},{"taxonomy":"product_tag","embeddable":true,"href":"https:\/\/pop-co.fr\/index.php\/wp-json\/wp\/v2\/product_tag?post=2566"}],"curies":[{"name":"wp","href":"https:\/\/api.w.org\/{rel}","templated":true}]}}