{"id":264512,"date":"2024-12-24T10:36:14","date_gmt":"2024-12-24T09:36:14","guid":{"rendered":"https:\/\/pop-co.fr\/index.php\/product\/set-a-sake-naruto-uzumaki-naruto\/"},"modified":"2025-09-09T19:19:38","modified_gmt":"2025-09-09T17:19:38","slug":"set-a-sake-naruto-uzumaki-naruto","status":"publish","type":"product","link":"https:\/\/pop-co.fr\/index.php\/product\/set-a-sake-naruto-uzumaki-naruto\/","title":{"rendered":"SET A SAKE &#8211; NARUTO &#8211; Uzumaki Naruto"},"content":{"rendered":"<p>Le set \u00e0 sake Naruto est un ensemble de verres et de bouteilles \u00e0 sake de haute qualit\u00e9. Ces verres et cette bouteille sont con\u00e7us avec des formes et des couleurs uniques et offrent une exp\u00e9rience gustative authentique et luxueuse. Ils sont fabriqu\u00e9s \u00e0 partir de mat\u00e9riaux de qualit\u00e9 sup\u00e9rieure et sont parfaits pour toutes les occasions, offrant une touche japonaise traditionnelle \u00e0 votre table.<\/p>\n","protected":false},"excerpt":{"rendered":"<p>Le set \u00e0 sake Naruto est un ensemble de verres et de bouteilles \u00e0 sake de haute qualit\u00e9. Ces verres et cette bouteille sont con\u00e7us avec des formes et des couleurs uniques et offrent une exp\u00e9rience gustative authentique et luxueuse. Ils sont fabriqu\u00e9s \u00e0 partir de mat\u00e9riaux de qualit\u00e9 sup\u00e9rieure et sont parfaits pour toutes [&hellip;]<\/p>\n","protected":false},"featured_media":358344,"comment_status":"open","ping_status":"closed","template":"","meta":[],"product_cat":[17,21],"product_tag":[],"aioseo_notices":[],"jetpack_sharing_enabled":true,"_links":{"self":[{"href":"https:\/\/pop-co.fr\/index.php\/wp-json\/wp\/v2\/product\/264512"}],"collection":[{"href":"https:\/\/pop-co.fr\/index.php\/wp-json\/wp\/v2\/product"}],"about":[{"href":"https:\/\/pop-co.fr\/index.php\/wp-json\/wp\/v2\/types\/product"}],"replies":[{"embeddable":true,"href":"https:\/\/pop-co.fr\/index.php\/wp-json\/wp\/v2\/comments?post=264512"}],"version-history":[{"count":0,"href":"https:\/\/pop-co.fr\/index.php\/wp-json\/wp\/v2\/product\/264512\/revisions"}],"wp:featuredmedia":[{"embeddable":true,"href":"https:\/\/pop-co.fr\/index.php\/wp-json\/wp\/v2\/media\/358344"}],"wp:attachment":[{"href":"https:\/\/pop-co.fr\/index.php\/wp-json\/wp\/v2\/media?parent=264512"}],"wp:term":[{"taxonomy":"product_cat","embeddable":true,"href":"https:\/\/pop-co.fr\/index.php\/wp-json\/wp\/v2\/product_cat?post=264512"},{"taxonomy":"product_tag","embeddable":true,"href":"https:\/\/pop-co.fr\/index.php\/wp-json\/wp\/v2\/product_tag?post=264512"}],"curies":[{"name":"wp","href":"https:\/\/api.w.org\/{rel}","templated":true}]}}