{"id":266312,"date":"2024-12-24T10:54:39","date_gmt":"2024-12-24T09:54:39","guid":{"rendered":"https:\/\/pop-co.fr\/index.php\/product\/boule-a-neige-dragon-ball-shenron\/"},"modified":"2025-09-16T17:48:37","modified_gmt":"2025-09-16T15:48:37","slug":"boule-a-neige-dragon-ball-shenron","status":"publish","type":"product","link":"https:\/\/pop-co.fr\/index.php\/product\/boule-a-neige-dragon-ball-shenron\/","title":{"rendered":"BOULE A NEIGE &#8211; DRAGON BALL &#8211; Shenron"},"content":{"rendered":"<p>Bem&rsquo;s vous propose cette magnifique boule \u00e0 neige de Just Funky repr\u00e9sentant Shenron avec la dragon ball \u00e0 4 \u00e9toiles.<br \/>\nShenron est un dragon qui apparait quand toutes les dragon ball sont rassembl\u00e9s.<br \/>\nIl a la capacit\u00e9 d&rsquo;exaucer le souhait de la personne qui l&rsquo;a invoqu\u00e9.<\/p>\n","protected":false},"excerpt":{"rendered":"<p>Bem&rsquo;s vous propose cette magnifique boule \u00e0 neige de Just Funky repr\u00e9sentant Shenron avec la dragon ball \u00e0 4 \u00e9toiles. Shenron est un dragon qui apparait quand toutes les dragon ball sont rassembl\u00e9s. Il a la capacit\u00e9 d&rsquo;exaucer le souhait de la personne qui l&rsquo;a invoqu\u00e9.<\/p>\n","protected":false},"featured_media":358657,"comment_status":"open","ping_status":"closed","template":"","meta":[],"product_cat":[17,23],"product_tag":[],"aioseo_notices":[],"jetpack_sharing_enabled":true,"_links":{"self":[{"href":"https:\/\/pop-co.fr\/index.php\/wp-json\/wp\/v2\/product\/266312"}],"collection":[{"href":"https:\/\/pop-co.fr\/index.php\/wp-json\/wp\/v2\/product"}],"about":[{"href":"https:\/\/pop-co.fr\/index.php\/wp-json\/wp\/v2\/types\/product"}],"replies":[{"embeddable":true,"href":"https:\/\/pop-co.fr\/index.php\/wp-json\/wp\/v2\/comments?post=266312"}],"version-history":[{"count":0,"href":"https:\/\/pop-co.fr\/index.php\/wp-json\/wp\/v2\/product\/266312\/revisions"}],"wp:featuredmedia":[{"embeddable":true,"href":"https:\/\/pop-co.fr\/index.php\/wp-json\/wp\/v2\/media\/358657"}],"wp:attachment":[{"href":"https:\/\/pop-co.fr\/index.php\/wp-json\/wp\/v2\/media?parent=266312"}],"wp:term":[{"taxonomy":"product_cat","embeddable":true,"href":"https:\/\/pop-co.fr\/index.php\/wp-json\/wp\/v2\/product_cat?post=266312"},{"taxonomy":"product_tag","embeddable":true,"href":"https:\/\/pop-co.fr\/index.php\/wp-json\/wp\/v2\/product_tag?post=266312"}],"curies":[{"name":"wp","href":"https:\/\/api.w.org\/{rel}","templated":true}]}}