{"id":275899,"date":"2024-12-27T13:21:33","date_gmt":"2024-12-27T12:21:33","guid":{"rendered":"https:\/\/pop-co.fr\/index.php\/product\/naruto-le-jeu-de-cartes-defi-ninja\/"},"modified":"2025-06-28T11:54:13","modified_gmt":"2025-06-28T09:54:13","slug":"naruto-le-jeu-de-cartes-defi-ninja","status":"publish","type":"product","link":"https:\/\/pop-co.fr\/index.php\/product\/naruto-le-jeu-de-cartes-defi-ninja\/","title":{"rendered":"JEU DE CARTES &#8211; NARUTO &#8211; D\u00e9fi Ninja"},"content":{"rendered":"<p>Deviens le meilleur ninja de Konoha !<br \/>\nD\u00e9barrasse-toi vite de toutes tes cartes pour devenir le grand gagnant. C\u2019est simple, tu peux poser une carte du m\u00eame personnage ou de la m\u00eame couleur.<br \/>\nMais attention, certaines cartes sont des cartes sp\u00e9ciales ! Ma\u00eetre Hokage, Orochimaru, Tsunade, Kakashi et m\u00eame Kiba et son chien Akamaru peuvent reverser la partie avec leurs pouvoirs\u2026 Sois prudent et malin pour remporter la victoire !<\/p>\n<p>Un jeu de 50 cartes.<br \/>\n2 \u00e0 5 joueurs.<br \/>\nA partir de 6 ans.<br \/>\nParties de 15 minutes.<\/p>\n","protected":false},"excerpt":{"rendered":"<p>Deviens le meilleur ninja de Konoha ! D\u00e9barrasse-toi vite de toutes tes cartes pour devenir le grand gagnant. C\u2019est simple, tu peux poser une carte du m\u00eame personnage ou de la m\u00eame couleur. Mais attention, certaines cartes sont des cartes sp\u00e9ciales ! Ma\u00eetre Hokage, Orochimaru, Tsunade, Kakashi et m\u00eame Kiba et son chien Akamaru peuvent [&hellip;]<\/p>\n","protected":false},"featured_media":318332,"comment_status":"open","ping_status":"closed","template":"","meta":[],"product_cat":[17,21],"product_tag":[],"aioseo_notices":[],"jetpack_sharing_enabled":true,"_links":{"self":[{"href":"https:\/\/pop-co.fr\/index.php\/wp-json\/wp\/v2\/product\/275899"}],"collection":[{"href":"https:\/\/pop-co.fr\/index.php\/wp-json\/wp\/v2\/product"}],"about":[{"href":"https:\/\/pop-co.fr\/index.php\/wp-json\/wp\/v2\/types\/product"}],"replies":[{"embeddable":true,"href":"https:\/\/pop-co.fr\/index.php\/wp-json\/wp\/v2\/comments?post=275899"}],"version-history":[{"count":0,"href":"https:\/\/pop-co.fr\/index.php\/wp-json\/wp\/v2\/product\/275899\/revisions"}],"wp:featuredmedia":[{"embeddable":true,"href":"https:\/\/pop-co.fr\/index.php\/wp-json\/wp\/v2\/media\/318332"}],"wp:attachment":[{"href":"https:\/\/pop-co.fr\/index.php\/wp-json\/wp\/v2\/media?parent=275899"}],"wp:term":[{"taxonomy":"product_cat","embeddable":true,"href":"https:\/\/pop-co.fr\/index.php\/wp-json\/wp\/v2\/product_cat?post=275899"},{"taxonomy":"product_tag","embeddable":true,"href":"https:\/\/pop-co.fr\/index.php\/wp-json\/wp\/v2\/product_tag?post=275899"}],"curies":[{"name":"wp","href":"https:\/\/api.w.org\/{rel}","templated":true}]}}