{"id":2780,"date":"2024-02-20T18:14:22","date_gmt":"2024-02-20T17:14:22","guid":{"rendered":"https:\/\/pop-co.fr\/index.php\/product\/tirelire-dragon-balll-san-goku\/"},"modified":"2024-02-20T18:14:22","modified_gmt":"2024-02-20T17:14:22","slug":"tirelire-dragon-balll-san-goku","status":"publish","type":"product","link":"https:\/\/pop-co.fr\/index.php\/product\/tirelire-dragon-balll-san-goku\/","title":{"rendered":"TIRELIRE &#8211; DRAGON BALLl &#8211; San goku"},"content":{"rendered":"<p>Retrouvez le h\u00e9ros principal du manga Dragon Ball, dans la tenue qu&rsquo;il porte la majeur partie du temps.<br \/>\nN\u00e9 sur la plan\u00e9te Vegeta, il grandit sur terre et part \u00e0 la recherche des fameuses dragon balls.<br \/>\nLes fans de Dragon Ball seront ravis de retrouver ce personnage embl\u00e9matique revisit\u00e9 par Plastoy : plus qu&rsquo;une tirelire, il s&rsquo;agit d&rsquo;un v\u00e9ritable objet de collection ! D&rsquo;autres personnages sont \u00e9galement disponibles dans la collection Dragon Ball par Plastoy.<\/p>\n","protected":false},"excerpt":{"rendered":"<p>Retrouvez le h\u00e9ros principal du manga Dragon Ball, dans la tenue qu&rsquo;il porte la majeur partie du temps. N\u00e9 sur la plan\u00e9te Vegeta, il grandit sur terre et part \u00e0 la recherche des fameuses dragon balls. Les fans de Dragon Ball seront ravis de retrouver ce personnage embl\u00e9matique revisit\u00e9 par Plastoy : plus qu&rsquo;une tirelire, [&hellip;]<\/p>\n","protected":false},"featured_media":2776,"comment_status":"open","ping_status":"closed","template":"","meta":[],"product_cat":[17,23],"product_tag":[],"aioseo_notices":[],"jetpack_sharing_enabled":true,"_links":{"self":[{"href":"https:\/\/pop-co.fr\/index.php\/wp-json\/wp\/v2\/product\/2780"}],"collection":[{"href":"https:\/\/pop-co.fr\/index.php\/wp-json\/wp\/v2\/product"}],"about":[{"href":"https:\/\/pop-co.fr\/index.php\/wp-json\/wp\/v2\/types\/product"}],"replies":[{"embeddable":true,"href":"https:\/\/pop-co.fr\/index.php\/wp-json\/wp\/v2\/comments?post=2780"}],"version-history":[{"count":0,"href":"https:\/\/pop-co.fr\/index.php\/wp-json\/wp\/v2\/product\/2780\/revisions"}],"wp:featuredmedia":[{"embeddable":true,"href":"https:\/\/pop-co.fr\/index.php\/wp-json\/wp\/v2\/media\/2776"}],"wp:attachment":[{"href":"https:\/\/pop-co.fr\/index.php\/wp-json\/wp\/v2\/media?parent=2780"}],"wp:term":[{"taxonomy":"product_cat","embeddable":true,"href":"https:\/\/pop-co.fr\/index.php\/wp-json\/wp\/v2\/product_cat?post=2780"},{"taxonomy":"product_tag","embeddable":true,"href":"https:\/\/pop-co.fr\/index.php\/wp-json\/wp\/v2\/product_tag?post=2780"}],"curies":[{"name":"wp","href":"https:\/\/api.w.org\/{rel}","templated":true}]}}