{"id":2789,"date":"2024-02-20T18:14:59","date_gmt":"2024-02-20T17:14:59","guid":{"rendered":"https:\/\/pop-co.fr\/index.php\/product\/pop-disney-princess-edition-speciale-pack-4-figurines\/"},"modified":"2025-06-28T13:25:17","modified_gmt":"2025-06-28T11:25:17","slug":"pop-disney-princess-edition-speciale-pack-4-figurines","status":"publish","type":"product","link":"https:\/\/pop-co.fr\/index.php\/product\/pop-disney-princess-edition-speciale-pack-4-figurines\/","title":{"rendered":"POP &#8211; DISNEY &#8211; Princess \u00c9dition sp\u00e9ciale (pack 4 figurines)"},"content":{"rendered":"<p>Vos princesses Disney pr\u00e9f\u00e9r\u00e9es sont pr\u00eates \u00e0 devenir royales dans cette superbe nouvelle Pop ! Pack de 4 figurines en vinyle de Funko !<\/p>\n<p>Mettant en vedette Ariel de la Petite Sir\u00e8ne, Jasmine d&rsquo;Aladdin, Raiponce de Tangled et Moana qui brille dans le noir, chacune de ces Pop! comporte une base de diorama de luxe qui est repr\u00e9sentative de certains de leurs environnements pr\u00e9f\u00e9r\u00e9s des films.<\/p>\n","protected":false},"excerpt":{"rendered":"<p>Vos princesses Disney pr\u00e9f\u00e9r\u00e9es sont pr\u00eates \u00e0 devenir royales dans cette superbe nouvelle Pop ! Pack de 4 figurines en vinyle de Funko ! Mettant en vedette Ariel de la Petite Sir\u00e8ne, Jasmine d&rsquo;Aladdin, Raiponce de Tangled et Moana qui brille dans le noir, chacune de ces Pop! comporte une base de diorama de luxe [&hellip;]<\/p>\n","protected":false},"featured_media":337825,"comment_status":"open","ping_status":"closed","template":"","meta":[],"product_cat":[29],"product_tag":[],"aioseo_notices":[],"jetpack_sharing_enabled":true,"_links":{"self":[{"href":"https:\/\/pop-co.fr\/index.php\/wp-json\/wp\/v2\/product\/2789"}],"collection":[{"href":"https:\/\/pop-co.fr\/index.php\/wp-json\/wp\/v2\/product"}],"about":[{"href":"https:\/\/pop-co.fr\/index.php\/wp-json\/wp\/v2\/types\/product"}],"replies":[{"embeddable":true,"href":"https:\/\/pop-co.fr\/index.php\/wp-json\/wp\/v2\/comments?post=2789"}],"version-history":[{"count":0,"href":"https:\/\/pop-co.fr\/index.php\/wp-json\/wp\/v2\/product\/2789\/revisions"}],"wp:featuredmedia":[{"embeddable":true,"href":"https:\/\/pop-co.fr\/index.php\/wp-json\/wp\/v2\/media\/337825"}],"wp:attachment":[{"href":"https:\/\/pop-co.fr\/index.php\/wp-json\/wp\/v2\/media?parent=2789"}],"wp:term":[{"taxonomy":"product_cat","embeddable":true,"href":"https:\/\/pop-co.fr\/index.php\/wp-json\/wp\/v2\/product_cat?post=2789"},{"taxonomy":"product_tag","embeddable":true,"href":"https:\/\/pop-co.fr\/index.php\/wp-json\/wp\/v2\/product_tag?post=2789"}],"curies":[{"name":"wp","href":"https:\/\/api.w.org\/{rel}","templated":true}]}}