{"id":298012,"date":"2025-01-30T10:35:19","date_gmt":"2025-01-30T09:35:19","guid":{"rendered":"https:\/\/pop-co.fr\/index.php\/product\/les-brigades-imunitaires-platelet-figurine-15cm\/"},"modified":"2025-07-29T12:07:30","modified_gmt":"2025-07-29T10:07:30","slug":"les-brigades-imunitaires-platelet-figurine-15cm","status":"publish","type":"product","link":"https:\/\/pop-co.fr\/index.php\/product\/les-brigades-imunitaires-platelet-figurine-15cm\/","title":{"rendered":"LES BRIGADES IMUNITAIRES &#8211; Platelet &#8211; Figurine 15cm"},"content":{"rendered":"<p>Figurine en PVC de Platelet dans la gamme Pop Up Parade. Cette adorable petite fille \u00e0 pour but de reconstruire et r\u00e9parer le corps lorsqu&rsquo;il est bless\u00e9. C&rsquo;est donc avec enthousiasme qu&rsquo;elle se d\u00e9place, sa casquette sur la t\u00eate, sa sacoche jaune et sa main lev\u00e9e comme pour saluer. Son visage expressif est \u00e0 croquer. Une pi\u00e8ce de collection qui saura plaire aux fans des Brigades Immunitaires.<\/p>\n<p>Taille : 15 cm<\/p>\n<p>Editeur : Good Smile Company.<\/p>\n","protected":false},"excerpt":{"rendered":"<p>Figurine en PVC de Platelet dans la gamme Pop Up Parade. Cette adorable petite fille \u00e0 pour but de reconstruire et r\u00e9parer le corps lorsqu&rsquo;il est bless\u00e9. C&rsquo;est donc avec enthousiasme qu&rsquo;elle se d\u00e9place, sa casquette sur la t\u00eate, sa sacoche jaune et sa main lev\u00e9e comme pour saluer. Son visage expressif est \u00e0 croquer. [&hellip;]<\/p>\n","protected":false},"featured_media":356751,"comment_status":"open","ping_status":"closed","template":"","meta":[],"product_cat":[17,18],"product_tag":[],"aioseo_notices":[],"jetpack_sharing_enabled":true,"_links":{"self":[{"href":"https:\/\/pop-co.fr\/index.php\/wp-json\/wp\/v2\/product\/298012"}],"collection":[{"href":"https:\/\/pop-co.fr\/index.php\/wp-json\/wp\/v2\/product"}],"about":[{"href":"https:\/\/pop-co.fr\/index.php\/wp-json\/wp\/v2\/types\/product"}],"replies":[{"embeddable":true,"href":"https:\/\/pop-co.fr\/index.php\/wp-json\/wp\/v2\/comments?post=298012"}],"version-history":[{"count":0,"href":"https:\/\/pop-co.fr\/index.php\/wp-json\/wp\/v2\/product\/298012\/revisions"}],"wp:featuredmedia":[{"embeddable":true,"href":"https:\/\/pop-co.fr\/index.php\/wp-json\/wp\/v2\/media\/356751"}],"wp:attachment":[{"href":"https:\/\/pop-co.fr\/index.php\/wp-json\/wp\/v2\/media?parent=298012"}],"wp:term":[{"taxonomy":"product_cat","embeddable":true,"href":"https:\/\/pop-co.fr\/index.php\/wp-json\/wp\/v2\/product_cat?post=298012"},{"taxonomy":"product_tag","embeddable":true,"href":"https:\/\/pop-co.fr\/index.php\/wp-json\/wp\/v2\/product_tag?post=298012"}],"curies":[{"name":"wp","href":"https:\/\/api.w.org\/{rel}","templated":true}]}}