{"id":2991,"date":"2024-02-20T18:18:50","date_gmt":"2024-02-20T17:18:50","guid":{"rendered":"https:\/\/pop-co.fr\/index.php\/product\/mashle-lance-crown-figurine-18cm\/"},"modified":"2025-07-29T11:17:11","modified_gmt":"2025-07-29T09:17:11","slug":"mashle-lance-crown-figurine-18cm","status":"publish","type":"product","link":"https:\/\/pop-co.fr\/index.php\/product\/mashle-lance-crown-figurine-18cm\/","title":{"rendered":"MASHLE &#8211; Lance Crown &#8211; Figurine 18cm"},"content":{"rendered":"<p>Figurine 18cm<br \/>\nComposition : PVC<\/p>\n<p>Lance Crown est un personnage du manga\/anim\u00e9 Mashle.<br \/>\nIl est l&rsquo;un des \u00e9l\u00e8ves de l&rsquo;Acad\u00e9mie de magie Easton.<br \/>\nMashle est un manga Shonen \u00e9crit par Komoto Hajime depuis 2020.<\/p>\n","protected":false},"excerpt":{"rendered":"<p>Figurine 18cm Composition : PVC Lance Crown est un personnage du manga\/anim\u00e9 Mashle. Il est l&rsquo;un des \u00e9l\u00e8ves de l&rsquo;Acad\u00e9mie de magie Easton. Mashle est un manga Shonen \u00e9crit par Komoto Hajime depuis 2020.<\/p>\n","protected":false},"featured_media":356216,"comment_status":"open","ping_status":"closed","template":"","meta":[],"product_cat":[17,18],"product_tag":[],"aioseo_notices":[],"jetpack_sharing_enabled":true,"_links":{"self":[{"href":"https:\/\/pop-co.fr\/index.php\/wp-json\/wp\/v2\/product\/2991"}],"collection":[{"href":"https:\/\/pop-co.fr\/index.php\/wp-json\/wp\/v2\/product"}],"about":[{"href":"https:\/\/pop-co.fr\/index.php\/wp-json\/wp\/v2\/types\/product"}],"replies":[{"embeddable":true,"href":"https:\/\/pop-co.fr\/index.php\/wp-json\/wp\/v2\/comments?post=2991"}],"version-history":[{"count":0,"href":"https:\/\/pop-co.fr\/index.php\/wp-json\/wp\/v2\/product\/2991\/revisions"}],"wp:featuredmedia":[{"embeddable":true,"href":"https:\/\/pop-co.fr\/index.php\/wp-json\/wp\/v2\/media\/356216"}],"wp:attachment":[{"href":"https:\/\/pop-co.fr\/index.php\/wp-json\/wp\/v2\/media?parent=2991"}],"wp:term":[{"taxonomy":"product_cat","embeddable":true,"href":"https:\/\/pop-co.fr\/index.php\/wp-json\/wp\/v2\/product_cat?post=2991"},{"taxonomy":"product_tag","embeddable":true,"href":"https:\/\/pop-co.fr\/index.php\/wp-json\/wp\/v2\/product_tag?post=2991"}],"curies":[{"name":"wp","href":"https:\/\/api.w.org\/{rel}","templated":true}]}}