{"id":303621,"date":"2025-02-06T12:14:58","date_gmt":"2025-02-06T11:14:58","guid":{"rendered":"https:\/\/pop-co.fr\/index.php\/product\/sucrier-disney-alice-au-pays-des-merveilles\/"},"modified":"2025-07-08T18:20:00","modified_gmt":"2025-07-08T16:20:00","slug":"sucrier-disney-alice-au-pays-des-merveilles","status":"publish","type":"product","link":"https:\/\/pop-co.fr\/index.php\/product\/sucrier-disney-alice-au-pays-des-merveilles\/","title":{"rendered":"SUCRIER &#8211; DISNEY &#8211; Alice au pays des merveilles"},"content":{"rendered":"<p>Une bo\u00eete \u00e0 th\u00e9 Disney Alice au pays des merveilles, un produit sous licence officielle con\u00e7u sur mesure pour les superfans. <\/p>\n<p>Fabriqu\u00e9 en c\u00e9ramique avec une finition \u00e9maill\u00e9e dans une magnifique couleur bleu clair. Ce produit est une c\u00e9l\u00e9bration de ce conte fantastique avec de superbes illustrations de personnages.<\/p>\n<p>Plein d&rsquo;originalit\u00e9 et de design moderne, cet article fait partie d&rsquo;une collection plus vaste. La collection comprend des cadres photo, des bougies, des vases et bien plus encore, cr\u00e9ant un th\u00e8me coh\u00e9rent et magique pour les passionn\u00e9s de Disney.<\/p>\n","protected":false},"excerpt":{"rendered":"<p>Une bo\u00eete \u00e0 th\u00e9 Disney Alice au pays des merveilles, un produit sous licence officielle con\u00e7u sur mesure pour les superfans. Fabriqu\u00e9 en c\u00e9ramique avec une finition \u00e9maill\u00e9e dans une magnifique couleur bleu clair. Ce produit est une c\u00e9l\u00e9bration de ce conte fantastique avec de superbes illustrations de personnages. Plein d&rsquo;originalit\u00e9 et de design moderne, [&hellip;]<\/p>\n","protected":false},"featured_media":353988,"comment_status":"open","ping_status":"closed","template":"","meta":[],"product_cat":[29],"product_tag":[],"aioseo_notices":[],"jetpack_sharing_enabled":true,"_links":{"self":[{"href":"https:\/\/pop-co.fr\/index.php\/wp-json\/wp\/v2\/product\/303621"}],"collection":[{"href":"https:\/\/pop-co.fr\/index.php\/wp-json\/wp\/v2\/product"}],"about":[{"href":"https:\/\/pop-co.fr\/index.php\/wp-json\/wp\/v2\/types\/product"}],"replies":[{"embeddable":true,"href":"https:\/\/pop-co.fr\/index.php\/wp-json\/wp\/v2\/comments?post=303621"}],"version-history":[{"count":1,"href":"https:\/\/pop-co.fr\/index.php\/wp-json\/wp\/v2\/product\/303621\/revisions"}],"predecessor-version":[{"id":353419,"href":"https:\/\/pop-co.fr\/index.php\/wp-json\/wp\/v2\/product\/303621\/revisions\/353419"}],"wp:featuredmedia":[{"embeddable":true,"href":"https:\/\/pop-co.fr\/index.php\/wp-json\/wp\/v2\/media\/353988"}],"wp:attachment":[{"href":"https:\/\/pop-co.fr\/index.php\/wp-json\/wp\/v2\/media?parent=303621"}],"wp:term":[{"taxonomy":"product_cat","embeddable":true,"href":"https:\/\/pop-co.fr\/index.php\/wp-json\/wp\/v2\/product_cat?post=303621"},{"taxonomy":"product_tag","embeddable":true,"href":"https:\/\/pop-co.fr\/index.php\/wp-json\/wp\/v2\/product_tag?post=303621"}],"curies":[{"name":"wp","href":"https:\/\/api.w.org\/{rel}","templated":true}]}}