{"id":3085,"date":"2024-02-20T18:20:33","date_gmt":"2024-02-20T17:20:33","guid":{"rendered":"https:\/\/pop-co.fr\/index.php\/product\/demon-slayer-pop-n867-tanjiro-kamado-w-mask-edition-speciale\/"},"modified":"2025-06-28T13:27:21","modified_gmt":"2025-06-28T11:27:21","slug":"demon-slayer-pop-n867-tanjiro-kamado-w-mask-edition-speciale","status":"publish","type":"product","link":"https:\/\/pop-co.fr\/index.php\/product\/demon-slayer-pop-n867-tanjiro-kamado-w-mask-edition-speciale\/","title":{"rendered":"DEMON SLAYER &#8211; POP N\u00b0867 Tanjiro Kamado w\/Mask (\u00e9dition sp\u00e9ciale)"},"content":{"rendered":"<p>Tueur de d\u00e9mons &#8211; Tanjiro Kamado avec masque Pop ! Vinyle<\/p>\n<p>Tueur de d\u00e9mons : Kimetsu no Yaiba est une s\u00e9rie manga\/anime japonaise \u00e0 succ\u00e8s qui suit Tanjiro Kamado et sa s\u0153ur Nezuko Kamado, alors qu&rsquo;ils cherchent un rem\u00e8de \u00e0 la mal\u00e9diction d\u00e9moniaque de Nezuko. Tanjiro et Nezuko se retrouvent m\u00eal\u00e9s aux affaires d&rsquo;une soci\u00e9t\u00e9 secr\u00e8te, connue sous le nom de Demon Slayer Corps, qui m\u00e8ne une guerre secr\u00e8te contre les d\u00e9mons depuis des si\u00e8cles. Les d\u00e9mons sont d&rsquo;anciens humains qui ont vendu leur humanit\u00e9 en \u00e9change du pouvoir. Ils se nourrissent d&rsquo;humains et poss\u00e8dent des capacit\u00e9s surnaturelles telles que la super force, la magie et la r\u00e9g\u00e9n\u00e9ration.<\/p>\n<p>Tanjiro Kamado porte ici son masque de renard sur le c\u00f4t\u00e9 gauche de la t\u00eate, qui a \u00e9t\u00e9 fabriqu\u00e9 \u00e0 la main par son ma\u00eetre, Sakonji.<\/p>\n<p>Un must absolu pour tout vrai fan de la s\u00e9rie, ajoutez les figurines Pop ! Vinyl \u00e0 votre collection Funko !<\/p>\n","protected":false},"excerpt":{"rendered":"<p>Tueur de d\u00e9mons &#8211; Tanjiro Kamado avec masque Pop ! Vinyle Tueur de d\u00e9mons : Kimetsu no Yaiba est une s\u00e9rie manga\/anime japonaise \u00e0 succ\u00e8s qui suit Tanjiro Kamado et sa s\u0153ur Nezuko Kamado, alors qu&rsquo;ils cherchent un rem\u00e8de \u00e0 la mal\u00e9diction d\u00e9moniaque de Nezuko. Tanjiro et Nezuko se retrouvent m\u00eal\u00e9s aux affaires d&rsquo;une soci\u00e9t\u00e9 [&hellip;]<\/p>\n","protected":false},"featured_media":223637,"comment_status":"open","ping_status":"closed","template":"","meta":[],"product_cat":[24,17],"product_tag":[],"aioseo_notices":[],"jetpack_sharing_enabled":true,"_links":{"self":[{"href":"https:\/\/pop-co.fr\/index.php\/wp-json\/wp\/v2\/product\/3085"}],"collection":[{"href":"https:\/\/pop-co.fr\/index.php\/wp-json\/wp\/v2\/product"}],"about":[{"href":"https:\/\/pop-co.fr\/index.php\/wp-json\/wp\/v2\/types\/product"}],"replies":[{"embeddable":true,"href":"https:\/\/pop-co.fr\/index.php\/wp-json\/wp\/v2\/comments?post=3085"}],"version-history":[{"count":0,"href":"https:\/\/pop-co.fr\/index.php\/wp-json\/wp\/v2\/product\/3085\/revisions"}],"wp:featuredmedia":[{"embeddable":true,"href":"https:\/\/pop-co.fr\/index.php\/wp-json\/wp\/v2\/media\/223637"}],"wp:attachment":[{"href":"https:\/\/pop-co.fr\/index.php\/wp-json\/wp\/v2\/media?parent=3085"}],"wp:term":[{"taxonomy":"product_cat","embeddable":true,"href":"https:\/\/pop-co.fr\/index.php\/wp-json\/wp\/v2\/product_cat?post=3085"},{"taxonomy":"product_tag","embeddable":true,"href":"https:\/\/pop-co.fr\/index.php\/wp-json\/wp\/v2\/product_tag?post=3085"}],"curies":[{"name":"wp","href":"https:\/\/api.w.org\/{rel}","templated":true}]}}