{"id":317600,"date":"2025-03-06T11:53:12","date_gmt":"2025-03-06T10:53:12","guid":{"rendered":"https:\/\/pop-co.fr\/index.php\/product\/fausse-plante-disney-tasse-alice-au-pays-des-merveilles-2\/"},"modified":"2025-08-08T09:40:16","modified_gmt":"2025-08-08T07:40:16","slug":"fausse-plante-disney-tasse-alice-au-pays-des-merveilles-2","status":"publish","type":"product","link":"https:\/\/pop-co.fr\/index.php\/product\/fausse-plante-disney-tasse-alice-au-pays-des-merveilles-2\/","title":{"rendered":"FAUSSE PLANTE &#8211; DISNEY &#8211; Tasse (Alice au pays des merveilles)"},"content":{"rendered":"<p>Une jardini\u00e8re Disney Alice au pays des merveilles avec fausse plante, un produit sous licence officielle con\u00e7u sur mesure pour les superfans. <\/p>\n<p>Fabriqu\u00e9 en c\u00e9ramique avec une finition \u00e9maill\u00e9e de couleur bleu clair. Ce produit est une c\u00e9l\u00e9bration de ce conte fantastique avec une illustration du personnage du Chapelier fou.<\/p>\n<p>Plein d&rsquo;originalit\u00e9 dans son design, cet article fait partie d&rsquo;une collection plus vaste. La collection comprend des cadres photo, des bougies, des vases et bien plus encore, cr\u00e9ant un th\u00e8me coh\u00e9rent et magique pour les passionn\u00e9s de Disney.<\/p>\n","protected":false},"excerpt":{"rendered":"<p>Une jardini\u00e8re Disney Alice au pays des merveilles avec fausse plante, un produit sous licence officielle con\u00e7u sur mesure pour les superfans. Fabriqu\u00e9 en c\u00e9ramique avec une finition \u00e9maill\u00e9e de couleur bleu clair. Ce produit est une c\u00e9l\u00e9bration de ce conte fantastique avec une illustration du personnage du Chapelier fou. Plein d&rsquo;originalit\u00e9 dans son design, [&hellip;]<\/p>\n","protected":false},"featured_media":357154,"comment_status":"open","ping_status":"closed","template":"","meta":[],"product_cat":[29],"product_tag":[],"aioseo_notices":[],"jetpack_sharing_enabled":true,"_links":{"self":[{"href":"https:\/\/pop-co.fr\/index.php\/wp-json\/wp\/v2\/product\/317600"}],"collection":[{"href":"https:\/\/pop-co.fr\/index.php\/wp-json\/wp\/v2\/product"}],"about":[{"href":"https:\/\/pop-co.fr\/index.php\/wp-json\/wp\/v2\/types\/product"}],"replies":[{"embeddable":true,"href":"https:\/\/pop-co.fr\/index.php\/wp-json\/wp\/v2\/comments?post=317600"}],"version-history":[{"count":0,"href":"https:\/\/pop-co.fr\/index.php\/wp-json\/wp\/v2\/product\/317600\/revisions"}],"wp:featuredmedia":[{"embeddable":true,"href":"https:\/\/pop-co.fr\/index.php\/wp-json\/wp\/v2\/media\/357154"}],"wp:attachment":[{"href":"https:\/\/pop-co.fr\/index.php\/wp-json\/wp\/v2\/media?parent=317600"}],"wp:term":[{"taxonomy":"product_cat","embeddable":true,"href":"https:\/\/pop-co.fr\/index.php\/wp-json\/wp\/v2\/product_cat?post=317600"},{"taxonomy":"product_tag","embeddable":true,"href":"https:\/\/pop-co.fr\/index.php\/wp-json\/wp\/v2\/product_tag?post=317600"}],"curies":[{"name":"wp","href":"https:\/\/api.w.org\/{rel}","templated":true}]}}