{"id":3182,"date":"2024-02-20T18:23:00","date_gmt":"2024-02-20T17:23:00","guid":{"rendered":"https:\/\/pop-co.fr\/index.php\/product\/jeu-de-cartes-naruto-jeu-de-54-cartes\/"},"modified":"2025-08-09T18:38:16","modified_gmt":"2025-08-09T16:38:16","slug":"jeu-de-cartes-naruto-jeu-de-54-cartes","status":"publish","type":"product","link":"https:\/\/pop-co.fr\/index.php\/product\/jeu-de-cartes-naruto-jeu-de-54-cartes\/","title":{"rendered":"JEU DE CARTES &#8211; NARUTO &#8211; Jeu de 54 cartes"},"content":{"rendered":"<p>Avec ce jeu de 54 cartes Naruto Shippuden par ABYstyle, vous ne pourrez plus vous ennuyer en soir\u00e9e ! Retrouvez les personnages et symboles embl\u00e9matiques du monde des ninjas, et d\u00e9fiez vos amis et votre famille autour d&rsquo;une partie de cartes. Serez-vous le plus habile pour gagner la partie ? <\/p>\n<p>&#8211; Boite en m\u00e9tal avec embossage<br \/>\n&#8211; Jeux de 54 cartes illustr\u00e9 sp\u00e9cifique \u00e0 \u00ab\u00a0la licence\u00a0\u00bb<br \/>\n&#8211; Cartes effet satin\u00e9, grammage 350g<br \/>\n&#8211; Dimensions de la bo\u00eete : L 10,8 x l 7,3 x H 3,6cm<\/p>\n","protected":false},"excerpt":{"rendered":"<p>Avec ce jeu de 54 cartes Naruto Shippuden par ABYstyle, vous ne pourrez plus vous ennuyer en soir\u00e9e ! Retrouvez les personnages et symboles embl\u00e9matiques du monde des ninjas, et d\u00e9fiez vos amis et votre famille autour d&rsquo;une partie de cartes. Serez-vous le plus habile pour gagner la partie ? &#8211; Boite en m\u00e9tal avec [&hellip;]<\/p>\n","protected":false},"featured_media":357207,"comment_status":"open","ping_status":"closed","template":"","meta":[],"product_cat":[17,21],"product_tag":[],"aioseo_notices":[],"jetpack_sharing_enabled":true,"_links":{"self":[{"href":"https:\/\/pop-co.fr\/index.php\/wp-json\/wp\/v2\/product\/3182"}],"collection":[{"href":"https:\/\/pop-co.fr\/index.php\/wp-json\/wp\/v2\/product"}],"about":[{"href":"https:\/\/pop-co.fr\/index.php\/wp-json\/wp\/v2\/types\/product"}],"replies":[{"embeddable":true,"href":"https:\/\/pop-co.fr\/index.php\/wp-json\/wp\/v2\/comments?post=3182"}],"version-history":[{"count":0,"href":"https:\/\/pop-co.fr\/index.php\/wp-json\/wp\/v2\/product\/3182\/revisions"}],"wp:featuredmedia":[{"embeddable":true,"href":"https:\/\/pop-co.fr\/index.php\/wp-json\/wp\/v2\/media\/357207"}],"wp:attachment":[{"href":"https:\/\/pop-co.fr\/index.php\/wp-json\/wp\/v2\/media?parent=3182"}],"wp:term":[{"taxonomy":"product_cat","embeddable":true,"href":"https:\/\/pop-co.fr\/index.php\/wp-json\/wp\/v2\/product_cat?post=3182"},{"taxonomy":"product_tag","embeddable":true,"href":"https:\/\/pop-co.fr\/index.php\/wp-json\/wp\/v2\/product_tag?post=3182"}],"curies":[{"name":"wp","href":"https:\/\/api.w.org\/{rel}","templated":true}]}}