{"id":318246,"date":"2025-03-06T12:37:22","date_gmt":"2025-03-06T11:37:22","guid":{"rendered":"https:\/\/pop-co.fr\/index.php\/product\/mug-disney-mickey-mouse-et-minnie-mouse-2\/"},"modified":"2025-08-02T15:48:42","modified_gmt":"2025-08-02T13:48:42","slug":"mug-disney-mickey-mouse-et-minnie-mouse-2","status":"publish","type":"product","link":"https:\/\/pop-co.fr\/index.php\/product\/mug-disney-mickey-mouse-et-minnie-mouse-2\/","title":{"rendered":"MUG &#8211; DISNEY &#8211; Mickey Mouse et Minnie Mouse"},"content":{"rendered":"<p>Mug repr\u00e9sentant le personnage de Mickey Shapes de Disney. Design moderne pour une franchise Disney classique. Une excellente fa\u00e7on de c\u00e9l\u00e9brer la magie de Disney dans vos magasins et de cr\u00e9er des souvenirs inoubliables pour les superfans de Disney. <\/p>\n<p>Fabriqu\u00e9 \u00e0 partir de dolomite avec une finition mouchet\u00e9e. Du point de vue du design, Mickey et Minnie Mouse pr\u00e9sentent des poses ludiques embl\u00e9matiques. La poign\u00e9e ondul\u00e9e en forme d&rsquo;oreille est un v\u00e9ritable atout.<\/p>\n","protected":false},"excerpt":{"rendered":"<p>Mug repr\u00e9sentant le personnage de Mickey Shapes de Disney. Design moderne pour une franchise Disney classique. Une excellente fa\u00e7on de c\u00e9l\u00e9brer la magie de Disney dans vos magasins et de cr\u00e9er des souvenirs inoubliables pour les superfans de Disney. Fabriqu\u00e9 \u00e0 partir de dolomite avec une finition mouchet\u00e9e. Du point de vue du design, Mickey [&hellip;]<\/p>\n","protected":false},"featured_media":357011,"comment_status":"open","ping_status":"closed","template":"","meta":[],"product_cat":[29],"product_tag":[],"aioseo_notices":[],"jetpack_sharing_enabled":true,"_links":{"self":[{"href":"https:\/\/pop-co.fr\/index.php\/wp-json\/wp\/v2\/product\/318246"}],"collection":[{"href":"https:\/\/pop-co.fr\/index.php\/wp-json\/wp\/v2\/product"}],"about":[{"href":"https:\/\/pop-co.fr\/index.php\/wp-json\/wp\/v2\/types\/product"}],"replies":[{"embeddable":true,"href":"https:\/\/pop-co.fr\/index.php\/wp-json\/wp\/v2\/comments?post=318246"}],"version-history":[{"count":0,"href":"https:\/\/pop-co.fr\/index.php\/wp-json\/wp\/v2\/product\/318246\/revisions"}],"wp:featuredmedia":[{"embeddable":true,"href":"https:\/\/pop-co.fr\/index.php\/wp-json\/wp\/v2\/media\/357011"}],"wp:attachment":[{"href":"https:\/\/pop-co.fr\/index.php\/wp-json\/wp\/v2\/media?parent=318246"}],"wp:term":[{"taxonomy":"product_cat","embeddable":true,"href":"https:\/\/pop-co.fr\/index.php\/wp-json\/wp\/v2\/product_cat?post=318246"},{"taxonomy":"product_tag","embeddable":true,"href":"https:\/\/pop-co.fr\/index.php\/wp-json\/wp\/v2\/product_tag?post=318246"}],"curies":[{"name":"wp","href":"https:\/\/api.w.org\/{rel}","templated":true}]}}