{"id":318927,"date":"2025-03-06T15:52:45","date_gmt":"2025-03-06T14:52:45","guid":{"rendered":"https:\/\/pop-co.fr\/index.php\/product\/stickers-mario-royaume-champignon-2\/"},"modified":"2025-06-28T11:49:50","modified_gmt":"2025-06-28T09:49:50","slug":"stickers-mario-royaume-champignon-2","status":"publish","type":"product","link":"https:\/\/pop-co.fr\/index.php\/product\/stickers-mario-royaume-champignon-2\/","title":{"rendered":"STICKERS &#8211; MARIO &#8211; Royaume champignon"},"content":{"rendered":"<p>D\u00e9couvrez la magie de Mushroom Kingdom avec nos autocollants Super Mario Tech. Propos\u00e9s par Pyramid International, l&rsquo;un des leaders des produits sous licence, ces autocollants sont une fa\u00e7on amusante de montrer votre amour pour ce jeu embl\u00e9matique. Que vous d\u00e9coriez votre ordinateur portable, votre coque de t\u00e9l\u00e9phone ou votre console de jeu, ces autocollants ajoutent une touche ludique \u00e0 votre technologie. Pyramid International s&rsquo;engage \u00e0 vous proposer les derniers produits sous licence, alors restez \u00e0 l&rsquo;aff\u00fbt des nouveaut\u00e9s les plus int\u00e9ressantes.<\/p>\n","protected":false},"excerpt":{"rendered":"<p>D\u00e9couvrez la magie de Mushroom Kingdom avec nos autocollants Super Mario Tech. Propos\u00e9s par Pyramid International, l&rsquo;un des leaders des produits sous licence, ces autocollants sont une fa\u00e7on amusante de montrer votre amour pour ce jeu embl\u00e9matique. Que vous d\u00e9coriez votre ordinateur portable, votre coque de t\u00e9l\u00e9phone ou votre console de jeu, ces autocollants ajoutent [&hellip;]<\/p>\n","protected":false},"featured_media":347756,"comment_status":"open","ping_status":"closed","template":"","meta":[],"product_cat":[34,35],"product_tag":[],"aioseo_notices":[],"jetpack_sharing_enabled":true,"_links":{"self":[{"href":"https:\/\/pop-co.fr\/index.php\/wp-json\/wp\/v2\/product\/318927"}],"collection":[{"href":"https:\/\/pop-co.fr\/index.php\/wp-json\/wp\/v2\/product"}],"about":[{"href":"https:\/\/pop-co.fr\/index.php\/wp-json\/wp\/v2\/types\/product"}],"replies":[{"embeddable":true,"href":"https:\/\/pop-co.fr\/index.php\/wp-json\/wp\/v2\/comments?post=318927"}],"version-history":[{"count":0,"href":"https:\/\/pop-co.fr\/index.php\/wp-json\/wp\/v2\/product\/318927\/revisions"}],"wp:featuredmedia":[{"embeddable":true,"href":"https:\/\/pop-co.fr\/index.php\/wp-json\/wp\/v2\/media\/347756"}],"wp:attachment":[{"href":"https:\/\/pop-co.fr\/index.php\/wp-json\/wp\/v2\/media?parent=318927"}],"wp:term":[{"taxonomy":"product_cat","embeddable":true,"href":"https:\/\/pop-co.fr\/index.php\/wp-json\/wp\/v2\/product_cat?post=318927"},{"taxonomy":"product_tag","embeddable":true,"href":"https:\/\/pop-co.fr\/index.php\/wp-json\/wp\/v2\/product_tag?post=318927"}],"curies":[{"name":"wp","href":"https:\/\/api.w.org\/{rel}","templated":true}]}}