{"id":323753,"date":"2025-03-06T19:10:40","date_gmt":"2025-03-06T18:10:40","guid":{"rendered":"https:\/\/pop-co.fr\/index.php\/product\/marque-parge-magnetique-marvel-bd-retro-2\/"},"modified":"2025-09-16T17:48:38","modified_gmt":"2025-09-16T15:48:38","slug":"marque-parge-magnetique-marvel-bd-retro-2","status":"publish","type":"product","link":"https:\/\/pop-co.fr\/index.php\/product\/marque-parge-magnetique-marvel-bd-retro-2\/","title":{"rendered":"MARQUE PARGE MAGNETIQUE &#8211; MARVEL &#8211; BD r\u00e9tro"},"content":{"rendered":"<p>D\u00e9couvrez la magie de Marvel Comics avec notre marque-page magn\u00e9tique Retro Grid ! Parfait pour les amateurs de bandes dessin\u00e9es, il marque en toute s\u00e9curit\u00e9 votre page avec un style de super-h\u00e9ros embl\u00e9matique. Procurez-vous le v\u00f4tre d\u00e8s aujourd&rsquo;hui et plongez dans un monde d&rsquo;aventure et de nostalgie !<\/p>\n","protected":false},"excerpt":{"rendered":"<p>D\u00e9couvrez la magie de Marvel Comics avec notre marque-page magn\u00e9tique Retro Grid ! Parfait pour les amateurs de bandes dessin\u00e9es, il marque en toute s\u00e9curit\u00e9 votre page avec un style de super-h\u00e9ros embl\u00e9matique. Procurez-vous le v\u00f4tre d\u00e8s aujourd&rsquo;hui et plongez dans un monde d&rsquo;aventure et de nostalgie !<\/p>\n","protected":false},"featured_media":358661,"comment_status":"open","ping_status":"closed","template":"","meta":[],"product_cat":[29,63],"product_tag":[],"aioseo_notices":[],"jetpack_sharing_enabled":true,"_links":{"self":[{"href":"https:\/\/pop-co.fr\/index.php\/wp-json\/wp\/v2\/product\/323753"}],"collection":[{"href":"https:\/\/pop-co.fr\/index.php\/wp-json\/wp\/v2\/product"}],"about":[{"href":"https:\/\/pop-co.fr\/index.php\/wp-json\/wp\/v2\/types\/product"}],"replies":[{"embeddable":true,"href":"https:\/\/pop-co.fr\/index.php\/wp-json\/wp\/v2\/comments?post=323753"}],"version-history":[{"count":0,"href":"https:\/\/pop-co.fr\/index.php\/wp-json\/wp\/v2\/product\/323753\/revisions"}],"wp:featuredmedia":[{"embeddable":true,"href":"https:\/\/pop-co.fr\/index.php\/wp-json\/wp\/v2\/media\/358661"}],"wp:attachment":[{"href":"https:\/\/pop-co.fr\/index.php\/wp-json\/wp\/v2\/media?parent=323753"}],"wp:term":[{"taxonomy":"product_cat","embeddable":true,"href":"https:\/\/pop-co.fr\/index.php\/wp-json\/wp\/v2\/product_cat?post=323753"},{"taxonomy":"product_tag","embeddable":true,"href":"https:\/\/pop-co.fr\/index.php\/wp-json\/wp\/v2\/product_tag?post=323753"}],"curies":[{"name":"wp","href":"https:\/\/api.w.org\/{rel}","templated":true}]}}