{"id":32686,"date":"2024-02-21T14:45:57","date_gmt":"2024-02-21T13:45:57","guid":{"rendered":"https:\/\/pop-co.fr\/index.php\/product\/peluche-wednesday-mercredi-addams-dans-cercueil-2\/"},"modified":"2025-09-01T12:22:14","modified_gmt":"2025-09-01T10:22:14","slug":"peluche-wednesday-mercredi-addams-dans-cercueil-2","status":"publish","type":"product","link":"https:\/\/pop-co.fr\/index.php\/product\/peluche-wednesday-mercredi-addams-dans-cercueil-2\/","title":{"rendered":"PELUCHE &#8211; WEDNESDAY &#8211; Mercredi Addams dans cercueil"},"content":{"rendered":"<p>\u00c9tiquette volante Wednesday Rag Doll 32 CM<br \/>\n2 mod\u00e8les diff\u00e9rents<\/p>\n","protected":false},"excerpt":{"rendered":"<p>\u00c9tiquette volante Wednesday Rag Doll 32 CM 2 mod\u00e8les diff\u00e9rents<\/p>\n","protected":false},"featured_media":357999,"comment_status":"open","ping_status":"closed","template":"","meta":[],"product_cat":[64,39],"product_tag":[],"aioseo_notices":[],"jetpack_sharing_enabled":true,"_links":{"self":[{"href":"https:\/\/pop-co.fr\/index.php\/wp-json\/wp\/v2\/product\/32686"}],"collection":[{"href":"https:\/\/pop-co.fr\/index.php\/wp-json\/wp\/v2\/product"}],"about":[{"href":"https:\/\/pop-co.fr\/index.php\/wp-json\/wp\/v2\/types\/product"}],"replies":[{"embeddable":true,"href":"https:\/\/pop-co.fr\/index.php\/wp-json\/wp\/v2\/comments?post=32686"}],"version-history":[{"count":0,"href":"https:\/\/pop-co.fr\/index.php\/wp-json\/wp\/v2\/product\/32686\/revisions"}],"wp:featuredmedia":[{"embeddable":true,"href":"https:\/\/pop-co.fr\/index.php\/wp-json\/wp\/v2\/media\/357999"}],"wp:attachment":[{"href":"https:\/\/pop-co.fr\/index.php\/wp-json\/wp\/v2\/media?parent=32686"}],"wp:term":[{"taxonomy":"product_cat","embeddable":true,"href":"https:\/\/pop-co.fr\/index.php\/wp-json\/wp\/v2\/product_cat?post=32686"},{"taxonomy":"product_tag","embeddable":true,"href":"https:\/\/pop-co.fr\/index.php\/wp-json\/wp\/v2\/product_tag?post=32686"}],"curies":[{"name":"wp","href":"https:\/\/api.w.org\/{rel}","templated":true}]}}

<p>Étiquette volante Wednesday Rag Doll 32 CM<br />
2 modèles différents</p>

<p>Étiquette volante Wednesday Rag Doll 32 CM 2 modèles différents</p>
