{"id":333254,"date":"2025-03-31T11:04:06","date_gmt":"2025-03-31T09:04:06","guid":{"rendered":"https:\/\/pop-co.fr\/index.php\/product\/mug-hatsune-miku-miku\/"},"modified":"2025-07-21T15:04:44","modified_gmt":"2025-07-21T13:04:44","slug":"mug-hatsune-miku-miku","status":"publish","type":"product","link":"https:\/\/pop-co.fr\/index.php\/product\/mug-hatsune-miku-miku\/","title":{"rendered":"MUG &#8211; HATSUNE MIKU &#8211; Miku"},"content":{"rendered":"<p>Retrouvez la plus adorable des vocaloid sur ce mug Hatsune Miku par ABYstyle ! <\/p>\n<p>&#8211; Contenance standard (320 ml)<br \/>\n&#8211; Packaging : bo\u00eete cartonn\u00e9e permettant de prot\u00e9ger le mug tout en assurant une visibilit\u00e9 \u00e0 360\u00b0.<br \/>\n&#8211; Convient aux micro-ondes et lave-vaisselle.<\/p>\n","protected":false},"excerpt":{"rendered":"<p>Retrouvez la plus adorable des vocaloid sur ce mug Hatsune Miku par ABYstyle ! &#8211; Contenance standard (320 ml) &#8211; Packaging : bo\u00eete cartonn\u00e9e permettant de prot\u00e9ger le mug tout en assurant une visibilit\u00e9 \u00e0 360\u00b0. &#8211; Convient aux micro-ondes et lave-vaisselle.<\/p>\n","protected":false},"featured_media":354881,"comment_status":"open","ping_status":"closed","template":"","meta":[],"product_cat":[17,18,39,66],"product_tag":[],"aioseo_notices":[],"jetpack_sharing_enabled":true,"_links":{"self":[{"href":"https:\/\/pop-co.fr\/index.php\/wp-json\/wp\/v2\/product\/333254"}],"collection":[{"href":"https:\/\/pop-co.fr\/index.php\/wp-json\/wp\/v2\/product"}],"about":[{"href":"https:\/\/pop-co.fr\/index.php\/wp-json\/wp\/v2\/types\/product"}],"replies":[{"embeddable":true,"href":"https:\/\/pop-co.fr\/index.php\/wp-json\/wp\/v2\/comments?post=333254"}],"version-history":[{"count":0,"href":"https:\/\/pop-co.fr\/index.php\/wp-json\/wp\/v2\/product\/333254\/revisions"}],"wp:featuredmedia":[{"embeddable":true,"href":"https:\/\/pop-co.fr\/index.php\/wp-json\/wp\/v2\/media\/354881"}],"wp:attachment":[{"href":"https:\/\/pop-co.fr\/index.php\/wp-json\/wp\/v2\/media?parent=333254"}],"wp:term":[{"taxonomy":"product_cat","embeddable":true,"href":"https:\/\/pop-co.fr\/index.php\/wp-json\/wp\/v2\/product_cat?post=333254"},{"taxonomy":"product_tag","embeddable":true,"href":"https:\/\/pop-co.fr\/index.php\/wp-json\/wp\/v2\/product_tag?post=333254"}],"curies":[{"name":"wp","href":"https:\/\/api.w.org\/{rel}","templated":true}]}}