{"id":335426,"date":"2025-03-31T12:31:20","date_gmt":"2025-03-31T10:31:20","guid":{"rendered":"https:\/\/pop-co.fr\/index.php\/product\/portefeuille-my-hero-academia-izuku-bakugo\/"},"modified":"2025-06-28T11:46:01","modified_gmt":"2025-06-28T09:46:01","slug":"portefeuille-my-hero-academia-izuku-bakugo","status":"publish","type":"product","link":"https:\/\/pop-co.fr\/index.php\/product\/portefeuille-my-hero-academia-izuku-bakugo\/","title":{"rendered":"Portefeuille &#8211; My Hero academia  &#8211; Izuku &amp; Bakugo"},"content":{"rendered":"<p>Izuku a parcouru beaucoup de chemin pour en arriver \u00e0 son niveau. Alors qu&rsquo;il n&rsquo;\u00e9tait que \u00ab\u00a0Deku\u00a0\u00bb l&rsquo;inutile aux yeux de Bakugo, il est maintenant \u00ab\u00a0Deku\u00a0\u00bb l&rsquo;apprenti h\u00e9ros, et s\u00e9rieux rival de ce dernier ! Ne choisissez pas et prenez les deux avec ce merveilleux portefeuille My Hero Academia par ABYstyle ! <\/p>\n<p>&#8211; Plusieurs emplacements de rangement pour une commodit\u00e9 maximale. Permet de placer vos cartes, vos billets et votre monnaie en toute s\u00e9curit\u00e9.<\/p>\n","protected":false},"excerpt":{"rendered":"<p>Izuku a parcouru beaucoup de chemin pour en arriver \u00e0 son niveau. Alors qu&rsquo;il n&rsquo;\u00e9tait que \u00ab\u00a0Deku\u00a0\u00bb l&rsquo;inutile aux yeux de Bakugo, il est maintenant \u00ab\u00a0Deku\u00a0\u00bb l&rsquo;apprenti h\u00e9ros, et s\u00e9rieux rival de ce dernier ! Ne choisissez pas et prenez les deux avec ce merveilleux portefeuille My Hero Academia par ABYstyle ! &#8211; Plusieurs emplacements [&hellip;]<\/p>\n","protected":false},"featured_media":335961,"comment_status":"open","ping_status":"closed","template":"","meta":[],"product_cat":[17,26],"product_tag":[],"aioseo_notices":[],"jetpack_sharing_enabled":true,"_links":{"self":[{"href":"https:\/\/pop-co.fr\/index.php\/wp-json\/wp\/v2\/product\/335426"}],"collection":[{"href":"https:\/\/pop-co.fr\/index.php\/wp-json\/wp\/v2\/product"}],"about":[{"href":"https:\/\/pop-co.fr\/index.php\/wp-json\/wp\/v2\/types\/product"}],"replies":[{"embeddable":true,"href":"https:\/\/pop-co.fr\/index.php\/wp-json\/wp\/v2\/comments?post=335426"}],"version-history":[{"count":0,"href":"https:\/\/pop-co.fr\/index.php\/wp-json\/wp\/v2\/product\/335426\/revisions"}],"wp:featuredmedia":[{"embeddable":true,"href":"https:\/\/pop-co.fr\/index.php\/wp-json\/wp\/v2\/media\/335961"}],"wp:attachment":[{"href":"https:\/\/pop-co.fr\/index.php\/wp-json\/wp\/v2\/media?parent=335426"}],"wp:term":[{"taxonomy":"product_cat","embeddable":true,"href":"https:\/\/pop-co.fr\/index.php\/wp-json\/wp\/v2\/product_cat?post=335426"},{"taxonomy":"product_tag","embeddable":true,"href":"https:\/\/pop-co.fr\/index.php\/wp-json\/wp\/v2\/product_tag?post=335426"}],"curies":[{"name":"wp","href":"https:\/\/api.w.org\/{rel}","templated":true}]}}