{"id":335437,"date":"2025-03-31T12:31:28","date_gmt":"2025-03-31T10:31:28","guid":{"rendered":"https:\/\/pop-co.fr\/index.php\/product\/tote-bag-sailor-moon\/"},"modified":"2025-06-28T11:45:57","modified_gmt":"2025-06-28T09:45:57","slug":"tote-bag-sailor-moon","status":"publish","type":"product","link":"https:\/\/pop-co.fr\/index.php\/product\/tote-bag-sailor-moon\/","title":{"rendered":"TOTE BAG &#8211; Sailor moon"},"content":{"rendered":"<p>Sailor Moon vous accompagne lors de vos emplettes ou de vos sessions de l\u00e8che-vitrine gr\u00e2ce \u00e0 ce tote bag Sailor Moon par ABYstyle ! <\/p>\n<p>&#8211; Sac en toile noir uni avec 2 anses<br \/>\n&#8211; Impression de haute de qualit\u00e9<br \/>\n&#8211; Fabriqu\u00e9e en 100% coton<br \/>\n&#8211; Dimensions : 38 x 42 cm<\/p>\n","protected":false},"excerpt":{"rendered":"<p>Sailor Moon vous accompagne lors de vos emplettes ou de vos sessions de l\u00e8che-vitrine gr\u00e2ce \u00e0 ce tote bag Sailor Moon par ABYstyle ! &#8211; Sac en toile noir uni avec 2 anses &#8211; Impression de haute de qualit\u00e9 &#8211; Fabriqu\u00e9e en 100% coton &#8211; Dimensions : 38 x 42 cm<\/p>\n","protected":false},"featured_media":339765,"comment_status":"open","ping_status":"closed","template":"","meta":[],"product_cat":[17,69],"product_tag":[],"aioseo_notices":[],"jetpack_sharing_enabled":true,"_links":{"self":[{"href":"https:\/\/pop-co.fr\/index.php\/wp-json\/wp\/v2\/product\/335437"}],"collection":[{"href":"https:\/\/pop-co.fr\/index.php\/wp-json\/wp\/v2\/product"}],"about":[{"href":"https:\/\/pop-co.fr\/index.php\/wp-json\/wp\/v2\/types\/product"}],"replies":[{"embeddable":true,"href":"https:\/\/pop-co.fr\/index.php\/wp-json\/wp\/v2\/comments?post=335437"}],"version-history":[{"count":0,"href":"https:\/\/pop-co.fr\/index.php\/wp-json\/wp\/v2\/product\/335437\/revisions"}],"wp:featuredmedia":[{"embeddable":true,"href":"https:\/\/pop-co.fr\/index.php\/wp-json\/wp\/v2\/media\/339765"}],"wp:attachment":[{"href":"https:\/\/pop-co.fr\/index.php\/wp-json\/wp\/v2\/media?parent=335437"}],"wp:term":[{"taxonomy":"product_cat","embeddable":true,"href":"https:\/\/pop-co.fr\/index.php\/wp-json\/wp\/v2\/product_cat?post=335437"},{"taxonomy":"product_tag","embeddable":true,"href":"https:\/\/pop-co.fr\/index.php\/wp-json\/wp\/v2\/product_tag?post=335437"}],"curies":[{"name":"wp","href":"https:\/\/api.w.org\/{rel}","templated":true}]}}