{"id":3377,"date":"2024-02-20T18:27:59","date_gmt":"2024-02-20T17:27:59","guid":{"rendered":"https:\/\/pop-co.fr\/index.php\/product\/pop-marvel-wakanda-forever-edition-speciale-pack-4-figurines-black-panther\/"},"modified":"2025-06-28T13:32:10","modified_gmt":"2025-06-28T11:32:10","slug":"pop-marvel-wakanda-forever-edition-speciale-pack-4-figurines-black-panther","status":"publish","type":"product","link":"https:\/\/pop-co.fr\/index.php\/product\/pop-marvel-wakanda-forever-edition-speciale-pack-4-figurines-black-panther\/","title":{"rendered":"POP &#8211; MARVEL &#8211; Wakanda Forever \u00e9dition sp\u00e9ciale (pack 4 figurines) (Black panther)"},"content":{"rendered":"<p>C\u00e9l\u00e9brez la sortie de Marvel&rsquo;s Black Panther 2 : Wakanda Forever avec cette Pop \u00e9pique ! Pack de 4 figurines en vinyle de Funko !<\/p>\n<p>Wakanda ne regardera plus depuis l&rsquo;ombre&#8230; Alors faites la lumi\u00e8re sur ces Pops ! en les affichant au premier plan de votre collection Funko !<\/p>\n<p>Avec Nakia, Black Panther, Ironheart MK2 et Okoye en forme Pop, votre collection Marvel recevra le coup de pouce Wakandan qu\u2019elle m\u00e9rite. Le Ironheart MK2 Pop! brille m\u00eame dans le noir, rendant votre \u00e9cran encore plus accrocheur !<\/p>\n","protected":false},"excerpt":{"rendered":"<p>C\u00e9l\u00e9brez la sortie de Marvel&rsquo;s Black Panther 2 : Wakanda Forever avec cette Pop \u00e9pique ! Pack de 4 figurines en vinyle de Funko ! Wakanda ne regardera plus depuis l&rsquo;ombre&#8230; Alors faites la lumi\u00e8re sur ces Pops ! en les affichant au premier plan de votre collection Funko ! Avec Nakia, Black Panther, Ironheart [&hellip;]<\/p>\n","protected":false},"featured_media":338100,"comment_status":"open","ping_status":"closed","template":"","meta":[],"product_cat":[29,63],"product_tag":[],"aioseo_notices":[],"jetpack_sharing_enabled":true,"_links":{"self":[{"href":"https:\/\/pop-co.fr\/index.php\/wp-json\/wp\/v2\/product\/3377"}],"collection":[{"href":"https:\/\/pop-co.fr\/index.php\/wp-json\/wp\/v2\/product"}],"about":[{"href":"https:\/\/pop-co.fr\/index.php\/wp-json\/wp\/v2\/types\/product"}],"replies":[{"embeddable":true,"href":"https:\/\/pop-co.fr\/index.php\/wp-json\/wp\/v2\/comments?post=3377"}],"version-history":[{"count":0,"href":"https:\/\/pop-co.fr\/index.php\/wp-json\/wp\/v2\/product\/3377\/revisions"}],"wp:featuredmedia":[{"embeddable":true,"href":"https:\/\/pop-co.fr\/index.php\/wp-json\/wp\/v2\/media\/338100"}],"wp:attachment":[{"href":"https:\/\/pop-co.fr\/index.php\/wp-json\/wp\/v2\/media?parent=3377"}],"wp:term":[{"taxonomy":"product_cat","embeddable":true,"href":"https:\/\/pop-co.fr\/index.php\/wp-json\/wp\/v2\/product_cat?post=3377"},{"taxonomy":"product_tag","embeddable":true,"href":"https:\/\/pop-co.fr\/index.php\/wp-json\/wp\/v2\/product_tag?post=3377"}],"curies":[{"name":"wp","href":"https:\/\/api.w.org\/{rel}","templated":true}]}}