{"id":339743,"date":"2025-04-12T17:03:16","date_gmt":"2025-04-12T15:03:16","guid":{"rendered":"https:\/\/pop-co.fr\/index.php\/product\/disney-alice-couture-de-force-figurine-18cm-2\/"},"modified":"2025-07-29T10:43:05","modified_gmt":"2025-07-29T08:43:05","slug":"disney-alice-couture-de-force-figurine-18cm-2","status":"publish","type":"product","link":"https:\/\/pop-co.fr\/index.php\/product\/disney-alice-couture-de-force-figurine-18cm-2\/","title":{"rendered":"DISNEY &#8211; Alice Couture de force &#8211; Figurine 18cm"},"content":{"rendered":"<p>DISNEY Showcase &#8211; Alice Couture de Force &#8211; Statuette Enesco 18cm<\/p>\n<p>C\u00e9l\u00e9brez le 70e anniversaire du film d&rsquo;animation classique de Disney Alice au pays des merveilles avec Alice comme elle n&rsquo;a jamais \u00e9t\u00e9 vue auparavant. Faisant partie de la collection Disney Haute Couture, Alice fait parler du pays des merveilles dans sa robe de th\u00e9 avant-gardiste. Chaque figurine Disney Showcase est peinte \u00e0 la main et de l\u00e9g\u00e8res variations de couleur sont \u00e0 pr\u00e9voir, ce qui rend chaque pi\u00e8ce unique. Emball\u00e9 dans une bo\u00eete cadeau. Ces figurines ne sont pas des jouets pour enfants. Destin\u00e9 aux adultes uniquement.<\/p>\n<p>Statuette haute qualit\u00e9 en r\u00e9sine, fabriqu\u00e9e par Enesco. <\/p>\n<p>Hauteur 18cm.<\/p>\n","protected":false},"excerpt":{"rendered":"<p>DISNEY Showcase &#8211; Alice Couture de Force &#8211; Statuette Enesco 18cm C\u00e9l\u00e9brez le 70e anniversaire du film d&rsquo;animation classique de Disney Alice au pays des merveilles avec Alice comme elle n&rsquo;a jamais \u00e9t\u00e9 vue auparavant. Faisant partie de la collection Disney Haute Couture, Alice fait parler du pays des merveilles dans sa robe de th\u00e9 [&hellip;]<\/p>\n","protected":false},"featured_media":355634,"comment_status":"open","ping_status":"closed","template":"","meta":[],"product_cat":[29],"product_tag":[],"aioseo_notices":[],"jetpack_sharing_enabled":true,"_links":{"self":[{"href":"https:\/\/pop-co.fr\/index.php\/wp-json\/wp\/v2\/product\/339743"}],"collection":[{"href":"https:\/\/pop-co.fr\/index.php\/wp-json\/wp\/v2\/product"}],"about":[{"href":"https:\/\/pop-co.fr\/index.php\/wp-json\/wp\/v2\/types\/product"}],"replies":[{"embeddable":true,"href":"https:\/\/pop-co.fr\/index.php\/wp-json\/wp\/v2\/comments?post=339743"}],"version-history":[{"count":0,"href":"https:\/\/pop-co.fr\/index.php\/wp-json\/wp\/v2\/product\/339743\/revisions"}],"wp:featuredmedia":[{"embeddable":true,"href":"https:\/\/pop-co.fr\/index.php\/wp-json\/wp\/v2\/media\/355634"}],"wp:attachment":[{"href":"https:\/\/pop-co.fr\/index.php\/wp-json\/wp\/v2\/media?parent=339743"}],"wp:term":[{"taxonomy":"product_cat","embeddable":true,"href":"https:\/\/pop-co.fr\/index.php\/wp-json\/wp\/v2\/product_cat?post=339743"},{"taxonomy":"product_tag","embeddable":true,"href":"https:\/\/pop-co.fr\/index.php\/wp-json\/wp\/v2\/product_tag?post=339743"}],"curies":[{"name":"wp","href":"https:\/\/api.w.org\/{rel}","templated":true}]}}