{"id":341213,"date":"2025-04-29T11:52:40","date_gmt":"2025-04-29T09:52:40","guid":{"rendered":"https:\/\/pop-co.fr\/index.php\/product\/bol-dragon-ball-symbole-goku\/"},"modified":"2025-08-06T16:24:21","modified_gmt":"2025-08-06T14:24:21","slug":"bol-dragon-ball-symbole-goku","status":"publish","type":"product","link":"https:\/\/pop-co.fr\/index.php\/product\/bol-dragon-ball-symbole-goku\/","title":{"rendered":"BOL &#8211; DRAGON BALL &#8211; Symbole Goku"},"content":{"rendered":"<p>Avant de d\u00e9buter votre entrainement pour devenir super saiyan, il est important de prendre un bon petit d\u00e9jeuner avec ce bol Dragon Ball Z par ABYstyle. <\/p>\n<p>&#8211; Bol en c\u00e9ramique de haute qualit\u00e9. Contenance standard (600 ml)<br \/>\n&#8211; Tenue d&rsquo;impression exceptionnelle : r\u00e9siste \u00e0 plus de 800 cycles au lave-vaisselle.<br \/>\n&#8211; Compatible Micro-ondes<br \/>\n&#8211; Packaging cartonn\u00e9 permettant de prot\u00e9ger le bol tout en assurant une visibilit\u00e9 \u00e0 360\u00b0.<\/p>\n","protected":false},"excerpt":{"rendered":"<p>Avant de d\u00e9buter votre entrainement pour devenir super saiyan, il est important de prendre un bon petit d\u00e9jeuner avec ce bol Dragon Ball Z par ABYstyle. &#8211; Bol en c\u00e9ramique de haute qualit\u00e9. Contenance standard (600 ml) &#8211; Tenue d&rsquo;impression exceptionnelle : r\u00e9siste \u00e0 plus de 800 cycles au lave-vaisselle. &#8211; Compatible Micro-ondes &#8211; Packaging [&hellip;]<\/p>\n","protected":false},"featured_media":357109,"comment_status":"open","ping_status":"closed","template":"","meta":[],"product_cat":[23,17],"product_tag":[],"aioseo_notices":[],"jetpack_sharing_enabled":true,"_links":{"self":[{"href":"https:\/\/pop-co.fr\/index.php\/wp-json\/wp\/v2\/product\/341213"}],"collection":[{"href":"https:\/\/pop-co.fr\/index.php\/wp-json\/wp\/v2\/product"}],"about":[{"href":"https:\/\/pop-co.fr\/index.php\/wp-json\/wp\/v2\/types\/product"}],"replies":[{"embeddable":true,"href":"https:\/\/pop-co.fr\/index.php\/wp-json\/wp\/v2\/comments?post=341213"}],"version-history":[{"count":0,"href":"https:\/\/pop-co.fr\/index.php\/wp-json\/wp\/v2\/product\/341213\/revisions"}],"wp:featuredmedia":[{"embeddable":true,"href":"https:\/\/pop-co.fr\/index.php\/wp-json\/wp\/v2\/media\/357109"}],"wp:attachment":[{"href":"https:\/\/pop-co.fr\/index.php\/wp-json\/wp\/v2\/media?parent=341213"}],"wp:term":[{"taxonomy":"product_cat","embeddable":true,"href":"https:\/\/pop-co.fr\/index.php\/wp-json\/wp\/v2\/product_cat?post=341213"},{"taxonomy":"product_tag","embeddable":true,"href":"https:\/\/pop-co.fr\/index.php\/wp-json\/wp\/v2\/product_tag?post=341213"}],"curies":[{"name":"wp","href":"https:\/\/api.w.org\/{rel}","templated":true}]}}