{"id":342307,"date":"2025-05-02T12:19:43","date_gmt":"2025-05-02T10:19:43","guid":{"rendered":"https:\/\/pop-co.fr\/index.php\/product\/brioche-japonaise-snack-chocolat-70g-2\/"},"modified":"2025-09-01T09:51:43","modified_gmt":"2025-09-01T07:51:43","slug":"brioche-japonaise-snack-chocolat-70g-2","status":"publish","type":"product","link":"https:\/\/pop-co.fr\/index.php\/product\/brioche-japonaise-snack-chocolat-70g-2\/","title":{"rendered":"BRIOCHE &#8211; SNACK &#8211; Chocolat 70g"},"content":{"rendered":"<p>Ingr\u00e9dients : Farine de bl\u00e9, p\u00e2te (lait, bl\u00e9, oeuf, soja) (amidon modifi\u00e9 E1412, ar\u00f4me, r\u00e9gulateur d&rsquo;acidit\u00e9 E331, \u00e9paissisant E415 E440), sucre, oeuf, \u00e9mulsifiant E322 (soja), lactos\u00e9rum en poudre (lait), margarine (\u00e9mulsifiant E322 (soja), ar\u00f4me (lait, soja)), levure de boulangerie, sucre isom\u00e9ris\u00e9, sel, levure de boulangerie de riz brun germ\u00e9 (bl\u00e9).<\/p>\n<p>Allerg\u00e8nes : bl\u00e9, lait, soja, oeuf<\/p>\n","protected":false},"excerpt":{"rendered":"<p>Ingr\u00e9dients : Farine de bl\u00e9, p\u00e2te (lait, bl\u00e9, oeuf, soja) (amidon modifi\u00e9 E1412, ar\u00f4me, r\u00e9gulateur d&rsquo;acidit\u00e9 E331, \u00e9paissisant E415 E440), sucre, oeuf, \u00e9mulsifiant E322 (soja), lactos\u00e9rum en poudre (lait), margarine (\u00e9mulsifiant E322 (soja), ar\u00f4me (lait, soja)), levure de boulangerie, sucre isom\u00e9ris\u00e9, sel, levure de boulangerie de riz brun germ\u00e9 (bl\u00e9). Allerg\u00e8nes : bl\u00e9, lait, soja, [&hellip;]<\/p>\n","protected":false},"featured_media":357977,"comment_status":"open","ping_status":"closed","template":"","meta":[],"product_cat":[77],"product_tag":[],"aioseo_notices":[],"jetpack_sharing_enabled":true,"_links":{"self":[{"href":"https:\/\/pop-co.fr\/index.php\/wp-json\/wp\/v2\/product\/342307"}],"collection":[{"href":"https:\/\/pop-co.fr\/index.php\/wp-json\/wp\/v2\/product"}],"about":[{"href":"https:\/\/pop-co.fr\/index.php\/wp-json\/wp\/v2\/types\/product"}],"replies":[{"embeddable":true,"href":"https:\/\/pop-co.fr\/index.php\/wp-json\/wp\/v2\/comments?post=342307"}],"version-history":[{"count":0,"href":"https:\/\/pop-co.fr\/index.php\/wp-json\/wp\/v2\/product\/342307\/revisions"}],"wp:featuredmedia":[{"embeddable":true,"href":"https:\/\/pop-co.fr\/index.php\/wp-json\/wp\/v2\/media\/357977"}],"wp:attachment":[{"href":"https:\/\/pop-co.fr\/index.php\/wp-json\/wp\/v2\/media?parent=342307"}],"wp:term":[{"taxonomy":"product_cat","embeddable":true,"href":"https:\/\/pop-co.fr\/index.php\/wp-json\/wp\/v2\/product_cat?post=342307"},{"taxonomy":"product_tag","embeddable":true,"href":"https:\/\/pop-co.fr\/index.php\/wp-json\/wp\/v2\/product_tag?post=342307"}],"curies":[{"name":"wp","href":"https:\/\/api.w.org\/{rel}","templated":true}]}}