{"id":343438,"date":"2025-05-02T16:28:58","date_gmt":"2025-05-02T14:28:58","guid":{"rendered":"https:\/\/pop-co.fr\/index.php\/product\/portefeuille-disney-stitch-bleu\/"},"modified":"2025-07-17T12:54:16","modified_gmt":"2025-07-17T10:54:16","slug":"portefeuille-disney-stitch-bleu","status":"publish","type":"product","link":"https:\/\/pop-co.fr\/index.php\/product\/portefeuille-disney-stitch-bleu\/","title":{"rendered":"PORTEFEUILLE &#8211; DISNEY &#8211; Stitch (bleu)"},"content":{"rendered":"<p>Portefeuille comprenant 12 compartiments pour cartes de cr\u00e9dit, 2 compartiments pour billets et une bourse centrale ferm\u00e9e par une fermeture \u00e9clair.<br \/>\nComposition : PVC, Polyest\u00e8re<\/p>\n","protected":false},"excerpt":{"rendered":"<p>Portefeuille comprenant 12 compartiments pour cartes de cr\u00e9dit, 2 compartiments pour billets et une bourse centrale ferm\u00e9e par une fermeture \u00e9clair. Composition : PVC, Polyest\u00e8re<\/p>\n","protected":false},"featured_media":354638,"comment_status":"open","ping_status":"closed","template":"","meta":[],"product_cat":[29,30],"product_tag":[],"aioseo_notices":[],"jetpack_sharing_enabled":true,"_links":{"self":[{"href":"https:\/\/pop-co.fr\/index.php\/wp-json\/wp\/v2\/product\/343438"}],"collection":[{"href":"https:\/\/pop-co.fr\/index.php\/wp-json\/wp\/v2\/product"}],"about":[{"href":"https:\/\/pop-co.fr\/index.php\/wp-json\/wp\/v2\/types\/product"}],"replies":[{"embeddable":true,"href":"https:\/\/pop-co.fr\/index.php\/wp-json\/wp\/v2\/comments?post=343438"}],"version-history":[{"count":0,"href":"https:\/\/pop-co.fr\/index.php\/wp-json\/wp\/v2\/product\/343438\/revisions"}],"wp:featuredmedia":[{"embeddable":true,"href":"https:\/\/pop-co.fr\/index.php\/wp-json\/wp\/v2\/media\/354638"}],"wp:attachment":[{"href":"https:\/\/pop-co.fr\/index.php\/wp-json\/wp\/v2\/media?parent=343438"}],"wp:term":[{"taxonomy":"product_cat","embeddable":true,"href":"https:\/\/pop-co.fr\/index.php\/wp-json\/wp\/v2\/product_cat?post=343438"},{"taxonomy":"product_tag","embeddable":true,"href":"https:\/\/pop-co.fr\/index.php\/wp-json\/wp\/v2\/product_tag?post=343438"}],"curies":[{"name":"wp","href":"https:\/\/api.w.org\/{rel}","templated":true}]}}