{"id":352408,"date":"2025-06-27T16:51:11","date_gmt":"2025-06-27T14:51:11","guid":{"rendered":"https:\/\/pop-co.fr\/index.php\/product\/eventail-hokusai-grande-vague-de-kanagawa-avec-pompon\/"},"modified":"2025-08-16T09:57:42","modified_gmt":"2025-08-16T07:57:42","slug":"eventail-hokusai-grande-vague-de-kanagawa-avec-pompon","status":"publish","type":"product","link":"https:\/\/pop-co.fr\/index.php\/product\/eventail-hokusai-grande-vague-de-kanagawa-avec-pompon\/","title":{"rendered":"EVENTAIL &#8211; HOKUSAI &#8211; Grande vague de Kanagawa avec pompon"},"content":{"rendered":"<p>D\u00e9couvrez l&rsquo;\u00e9l\u00e9gance et la beaut\u00e9 intemporelle de cet \u00e9ventail, orn\u00e9 de motifs d\u00e9licats inspir\u00e9s par le c\u00e9l\u00e8bre artiste japonais Katsushika Hokusai. Chaque d\u00e9tail a \u00e9t\u00e9 minutieusement con\u00e7u pour refl\u00e9ter l&rsquo;esprit et la majest\u00e9 des \u0153uvres de ce ma\u00eetre du ukiyo-e, notamment sa c\u00e9l\u00e8bre Grande Vague de Kanagawa et son Fuji-san rouge.<\/p>\n<p>Fabriqu\u00e9 \u00e0 partir de mat\u00e9riaux de haute qualit\u00e9, cet \u00e9ventail allie tradition et art contemporain, offrant une touche de raffinement \u00e0 toute occasion. Id\u00e9al pour ajouter une note d&rsquo;authenticit\u00e9 japonaise \u00e0 votre d\u00e9coration ou pour un cadeau \u00e9l\u00e9gant et unique.<\/p>\n<p>Eventail de taille parfaite, 21cm de haut sur 39cm de large une fois ouvert. L\u00e9ger et r\u00e9sistant il s&rsquo;aura vous accompagner durant toute la p\u00e9riode estivale !<\/p>\n","protected":false},"excerpt":{"rendered":"<p>D\u00e9couvrez l&rsquo;\u00e9l\u00e9gance et la beaut\u00e9 intemporelle de cet \u00e9ventail, orn\u00e9 de motifs d\u00e9licats inspir\u00e9s par le c\u00e9l\u00e8bre artiste japonais Katsushika Hokusai. Chaque d\u00e9tail a \u00e9t\u00e9 minutieusement con\u00e7u pour refl\u00e9ter l&rsquo;esprit et la majest\u00e9 des \u0153uvres de ce ma\u00eetre du ukiyo-e, notamment sa c\u00e9l\u00e8bre Grande Vague de Kanagawa et son Fuji-san rouge. Fabriqu\u00e9 \u00e0 partir de [&hellip;]<\/p>\n","protected":false},"featured_media":357345,"comment_status":"open","ping_status":"closed","template":"","meta":[],"product_cat":[82,39],"product_tag":[],"aioseo_notices":[],"jetpack_sharing_enabled":true,"_links":{"self":[{"href":"https:\/\/pop-co.fr\/index.php\/wp-json\/wp\/v2\/product\/352408"}],"collection":[{"href":"https:\/\/pop-co.fr\/index.php\/wp-json\/wp\/v2\/product"}],"about":[{"href":"https:\/\/pop-co.fr\/index.php\/wp-json\/wp\/v2\/types\/product"}],"replies":[{"embeddable":true,"href":"https:\/\/pop-co.fr\/index.php\/wp-json\/wp\/v2\/comments?post=352408"}],"version-history":[{"count":0,"href":"https:\/\/pop-co.fr\/index.php\/wp-json\/wp\/v2\/product\/352408\/revisions"}],"wp:featuredmedia":[{"embeddable":true,"href":"https:\/\/pop-co.fr\/index.php\/wp-json\/wp\/v2\/media\/357345"}],"wp:attachment":[{"href":"https:\/\/pop-co.fr\/index.php\/wp-json\/wp\/v2\/media?parent=352408"}],"wp:term":[{"taxonomy":"product_cat","embeddable":true,"href":"https:\/\/pop-co.fr\/index.php\/wp-json\/wp\/v2\/product_cat?post=352408"},{"taxonomy":"product_tag","embeddable":true,"href":"https:\/\/pop-co.fr\/index.php\/wp-json\/wp\/v2\/product_tag?post=352408"}],"curies":[{"name":"wp","href":"https:\/\/api.w.org\/{rel}","templated":true}]}}