{"id":358349,"date":"2025-09-10T10:00:28","date_gmt":"2025-09-10T08:00:28","guid":{"rendered":"https:\/\/pop-co.fr\/index.php\/product\/fukumaru-culbuto-japon-kitsune-blanc\/"},"modified":"2025-09-10T10:00:28","modified_gmt":"2025-09-10T08:00:28","slug":"fukumaru-culbuto-japon-kitsune-blanc","status":"publish","type":"product","link":"https:\/\/pop-co.fr\/index.php\/product\/fukumaru-culbuto-japon-kitsune-blanc\/","title":{"rendered":"FUKUMARU CULBUTO &#8211; JAPON &#8211; Kitsune blanc"},"content":{"rendered":"<p>Figurine Fukumaru culbuto, r\u00e9alis\u00e9e en terre cuite et peinte \u00e0 la main, au Japon. <\/p>\n<p>Existe en trois couleurs : kitsune blanc, shiba orange et shiba noir. <\/p>\n<p>Dimensions :<br \/>\nLongueur\/Hauteur : 4,50 cm \/ 1,78 inches<br \/>\nLargeur : 4,50 cm \/ 1,78 inches<br \/>\nProfondeur : 5 cm \/ 1,97 inches<\/p>\n","protected":false},"excerpt":{"rendered":"<p>Figurine Fukumaru culbuto, r\u00e9alis\u00e9e en terre cuite et peinte \u00e0 la main, au Japon. Existe en trois couleurs : kitsune blanc, shiba orange et shiba noir. Dimensions : Longueur\/Hauteur : 4,50 cm \/ 1,78 inches Largeur : 4,50 cm \/ 1,78 inches Profondeur : 5 cm \/ 1,97 inches<\/p>\n","protected":false},"featured_media":358348,"comment_status":"open","ping_status":"closed","template":"","meta":[],"product_cat":[15],"product_tag":[],"aioseo_notices":[],"jetpack_sharing_enabled":true,"_links":{"self":[{"href":"https:\/\/pop-co.fr\/index.php\/wp-json\/wp\/v2\/product\/358349"}],"collection":[{"href":"https:\/\/pop-co.fr\/index.php\/wp-json\/wp\/v2\/product"}],"about":[{"href":"https:\/\/pop-co.fr\/index.php\/wp-json\/wp\/v2\/types\/product"}],"replies":[{"embeddable":true,"href":"https:\/\/pop-co.fr\/index.php\/wp-json\/wp\/v2\/comments?post=358349"}],"version-history":[{"count":0,"href":"https:\/\/pop-co.fr\/index.php\/wp-json\/wp\/v2\/product\/358349\/revisions"}],"wp:featuredmedia":[{"embeddable":true,"href":"https:\/\/pop-co.fr\/index.php\/wp-json\/wp\/v2\/media\/358348"}],"wp:attachment":[{"href":"https:\/\/pop-co.fr\/index.php\/wp-json\/wp\/v2\/media?parent=358349"}],"wp:term":[{"taxonomy":"product_cat","embeddable":true,"href":"https:\/\/pop-co.fr\/index.php\/wp-json\/wp\/v2\/product_cat?post=358349"},{"taxonomy":"product_tag","embeddable":true,"href":"https:\/\/pop-co.fr\/index.php\/wp-json\/wp\/v2\/product_tag?post=358349"}],"curies":[{"name":"wp","href":"https:\/\/api.w.org\/{rel}","templated":true}]}}