{"id":4207,"date":"2024-02-20T18:43:41","date_gmt":"2024-02-20T17:43:41","guid":{"rendered":"https:\/\/pop-co.fr\/index.php\/product\/mug-the-promised-neverland-enfants-de-grace-field\/"},"modified":"2025-07-29T11:13:43","modified_gmt":"2025-07-29T09:13:43","slug":"mug-the-promised-neverland-enfants-de-grace-field","status":"publish","type":"product","link":"https:\/\/pop-co.fr\/index.php\/product\/mug-the-promised-neverland-enfants-de-grace-field\/","title":{"rendered":"MUG &#8211; THE PROMISED NEVERLAND &#8211; Enfants de Grace Field"},"content":{"rendered":"<p>Rire, apprendre, jouer au chat et \u00e0 la souris : la vie \u00e0 Grace Field House semble \u00eatre un paradis parfait jusqu&rsquo;\u00e0 ce que vous r\u00e9alisiez que les choses ne sont pas toujours ce qu&rsquo;elles semblent \u00eatre&#8230; Avec un design repr\u00e9sentant les adorables orphelins de Grace Field, ce mug par ABYstyle est parfait pour les fans du monde sombre et trompeur du Promised Neverland. <\/p>\n<p>&#8211; Mug en c\u00e9ramique de haute qualit\u00e9. Contenance standard (320 ml)<br \/>\n&#8211; Packaging : bo\u00eete cartonn\u00e9e noire permettant de prot\u00e9ger le mug tout en assurant une visibilit\u00e9 \u00e0 360\u00b0<br \/>\n&#8211; Convient aux micro-ondes et lave-vaisselle.<\/p>\n","protected":false},"excerpt":{"rendered":"<p>Rire, apprendre, jouer au chat et \u00e0 la souris : la vie \u00e0 Grace Field House semble \u00eatre un paradis parfait jusqu&rsquo;\u00e0 ce que vous r\u00e9alisiez que les choses ne sont pas toujours ce qu&rsquo;elles semblent \u00eatre&#8230; Avec un design repr\u00e9sentant les adorables orphelins de Grace Field, ce mug par ABYstyle est parfait pour les [&hellip;]<\/p>\n","protected":false},"featured_media":356117,"comment_status":"open","ping_status":"closed","template":"","meta":[],"product_cat":[18,17],"product_tag":[],"aioseo_notices":[],"jetpack_sharing_enabled":true,"_links":{"self":[{"href":"https:\/\/pop-co.fr\/index.php\/wp-json\/wp\/v2\/product\/4207"}],"collection":[{"href":"https:\/\/pop-co.fr\/index.php\/wp-json\/wp\/v2\/product"}],"about":[{"href":"https:\/\/pop-co.fr\/index.php\/wp-json\/wp\/v2\/types\/product"}],"replies":[{"embeddable":true,"href":"https:\/\/pop-co.fr\/index.php\/wp-json\/wp\/v2\/comments?post=4207"}],"version-history":[{"count":0,"href":"https:\/\/pop-co.fr\/index.php\/wp-json\/wp\/v2\/product\/4207\/revisions"}],"wp:featuredmedia":[{"embeddable":true,"href":"https:\/\/pop-co.fr\/index.php\/wp-json\/wp\/v2\/media\/356117"}],"wp:attachment":[{"href":"https:\/\/pop-co.fr\/index.php\/wp-json\/wp\/v2\/media?parent=4207"}],"wp:term":[{"taxonomy":"product_cat","embeddable":true,"href":"https:\/\/pop-co.fr\/index.php\/wp-json\/wp\/v2\/product_cat?post=4207"},{"taxonomy":"product_tag","embeddable":true,"href":"https:\/\/pop-co.fr\/index.php\/wp-json\/wp\/v2\/product_tag?post=4207"}],"curies":[{"name":"wp","href":"https:\/\/api.w.org\/{rel}","templated":true}]}}