{"id":4368,"date":"2024-02-20T18:47:47","date_gmt":"2024-02-20T17:47:47","guid":{"rendered":"https:\/\/pop-co.fr\/index.php\/product\/porte-monnaie-disney-minnie-mouse\/"},"modified":"2025-07-29T11:13:25","modified_gmt":"2025-07-29T09:13:25","slug":"porte-monnaie-disney-minnie-mouse","status":"publish","type":"product","link":"https:\/\/pop-co.fr\/index.php\/product\/porte-monnaie-disney-minnie-mouse\/","title":{"rendered":"PORTE MONNAIE &#8211; DISNEY &#8211; Minnie Mouse"},"content":{"rendered":"<p>Petit sac \u00e0 main avec un seul compartiment et fermeture zipp\u00e9e. Doublure int\u00e9rieure et anneau pour attacher au sac.<br \/>\nDimensions<br \/>\n4,50 x 12,50 x 9,50 cm<br \/>\nPoids net<br \/>\n0,09<br \/>\nVolume<br \/>\n0,5<br \/>\nComposition<br \/>\nTPU<\/p>\n","protected":false},"excerpt":{"rendered":"<p>Petit sac \u00e0 main avec un seul compartiment et fermeture zipp\u00e9e. Doublure int\u00e9rieure et anneau pour attacher au sac. Dimensions 4,50 x 12,50 x 9,50 cm Poids net 0,09 Volume 0,5 Composition TPU<\/p>\n","protected":false},"featured_media":356103,"comment_status":"open","ping_status":"closed","template":"","meta":[],"product_cat":[29],"product_tag":[],"aioseo_notices":[],"jetpack_sharing_enabled":true,"_links":{"self":[{"href":"https:\/\/pop-co.fr\/index.php\/wp-json\/wp\/v2\/product\/4368"}],"collection":[{"href":"https:\/\/pop-co.fr\/index.php\/wp-json\/wp\/v2\/product"}],"about":[{"href":"https:\/\/pop-co.fr\/index.php\/wp-json\/wp\/v2\/types\/product"}],"replies":[{"embeddable":true,"href":"https:\/\/pop-co.fr\/index.php\/wp-json\/wp\/v2\/comments?post=4368"}],"version-history":[{"count":0,"href":"https:\/\/pop-co.fr\/index.php\/wp-json\/wp\/v2\/product\/4368\/revisions"}],"wp:featuredmedia":[{"embeddable":true,"href":"https:\/\/pop-co.fr\/index.php\/wp-json\/wp\/v2\/media\/356103"}],"wp:attachment":[{"href":"https:\/\/pop-co.fr\/index.php\/wp-json\/wp\/v2\/media?parent=4368"}],"wp:term":[{"taxonomy":"product_cat","embeddable":true,"href":"https:\/\/pop-co.fr\/index.php\/wp-json\/wp\/v2\/product_cat?post=4368"},{"taxonomy":"product_tag","embeddable":true,"href":"https:\/\/pop-co.fr\/index.php\/wp-json\/wp\/v2\/product_tag?post=4368"}],"curies":[{"name":"wp","href":"https:\/\/api.w.org\/{rel}","templated":true}]}}