{"id":4405,"date":"2024-02-20T18:49:25","date_gmt":"2024-02-20T17:49:25","guid":{"rendered":"https:\/\/pop-co.fr\/index.php\/product\/beaume-mains-star-wars-dark-vador\/"},"modified":"2025-08-11T16:39:02","modified_gmt":"2025-08-11T14:39:02","slug":"beaume-mains-star-wars-dark-vador","status":"publish","type":"product","link":"https:\/\/pop-co.fr\/index.php\/product\/beaume-mains-star-wars-dark-vador\/","title":{"rendered":"BAUME MAINS &#8211; STAR WARS &#8211; Dark Vador"},"content":{"rendered":"<p>Rien n&rsquo;a plus d&rsquo;importance que ce savon Dark Vador sur une corde. Ne vous laissez pas berner par son apparence sombre et maussade, le parfum de bois de c\u00e8dre noir aidera \u00e0 laisser votre peau propre et fra\u00eeche apr\u00e8s un seul lavage !<\/p>\n","protected":false},"excerpt":{"rendered":"<p>Rien n&rsquo;a plus d&rsquo;importance que ce savon Dark Vador sur une corde. Ne vous laissez pas berner par son apparence sombre et maussade, le parfum de bois de c\u00e8dre noir aidera \u00e0 laisser votre peau propre et fra\u00eeche apr\u00e8s un seul lavage !<\/p>\n","protected":false},"featured_media":357251,"comment_status":"open","ping_status":"closed","template":"","meta":[],"product_cat":[43],"product_tag":[],"aioseo_notices":[],"jetpack_sharing_enabled":true,"_links":{"self":[{"href":"https:\/\/pop-co.fr\/index.php\/wp-json\/wp\/v2\/product\/4405"}],"collection":[{"href":"https:\/\/pop-co.fr\/index.php\/wp-json\/wp\/v2\/product"}],"about":[{"href":"https:\/\/pop-co.fr\/index.php\/wp-json\/wp\/v2\/types\/product"}],"replies":[{"embeddable":true,"href":"https:\/\/pop-co.fr\/index.php\/wp-json\/wp\/v2\/comments?post=4405"}],"version-history":[{"count":1,"href":"https:\/\/pop-co.fr\/index.php\/wp-json\/wp\/v2\/product\/4405\/revisions"}],"predecessor-version":[{"id":356099,"href":"https:\/\/pop-co.fr\/index.php\/wp-json\/wp\/v2\/product\/4405\/revisions\/356099"}],"wp:featuredmedia":[{"embeddable":true,"href":"https:\/\/pop-co.fr\/index.php\/wp-json\/wp\/v2\/media\/357251"}],"wp:attachment":[{"href":"https:\/\/pop-co.fr\/index.php\/wp-json\/wp\/v2\/media?parent=4405"}],"wp:term":[{"taxonomy":"product_cat","embeddable":true,"href":"https:\/\/pop-co.fr\/index.php\/wp-json\/wp\/v2\/product_cat?post=4405"},{"taxonomy":"product_tag","embeddable":true,"href":"https:\/\/pop-co.fr\/index.php\/wp-json\/wp\/v2\/product_tag?post=4405"}],"curies":[{"name":"wp","href":"https:\/\/api.w.org\/{rel}","templated":true}]}}