{"id":4424,"date":"2024-02-20T18:49:42","date_gmt":"2024-02-20T17:49:42","guid":{"rendered":"https:\/\/pop-co.fr\/index.php\/product\/bain-moussant-disney-winnie-lourson\/"},"modified":"2025-06-28T13:44:22","modified_gmt":"2025-06-28T11:44:22","slug":"bain-moussant-disney-winnie-lourson","status":"publish","type":"product","link":"https:\/\/pop-co.fr\/index.php\/product\/bain-moussant-disney-winnie-lourson\/","title":{"rendered":"BAIN MOUSSANT &#8211; DISNEY &#8211; Winnie l&rsquo;ourson"},"content":{"rendered":"<p>D\u00e9tendez-vous et offrez-vous un bain r\u00e9chauffant avec ce bain moussant au parfum de fleurs sauvages de Winnie l&rsquo;ourson. L&#8217;emballage inspir\u00e9 du nid d&rsquo;abeille sera fabuleux dans n&rsquo;importe quelle salle de bain et incitera n&rsquo;importe qui \u00e0 se rafra\u00eechir.<\/p>\n","protected":false},"excerpt":{"rendered":"<p>D\u00e9tendez-vous et offrez-vous un bain r\u00e9chauffant avec ce bain moussant au parfum de fleurs sauvages de Winnie l&rsquo;ourson. L&#8217;emballage inspir\u00e9 du nid d&rsquo;abeille sera fabuleux dans n&rsquo;importe quelle salle de bain et incitera n&rsquo;importe qui \u00e0 se rafra\u00eechir.<\/p>\n","protected":false},"featured_media":344960,"comment_status":"open","ping_status":"closed","template":"","meta":[],"product_cat":[29],"product_tag":[],"aioseo_notices":[],"jetpack_sharing_enabled":true,"_links":{"self":[{"href":"https:\/\/pop-co.fr\/index.php\/wp-json\/wp\/v2\/product\/4424"}],"collection":[{"href":"https:\/\/pop-co.fr\/index.php\/wp-json\/wp\/v2\/product"}],"about":[{"href":"https:\/\/pop-co.fr\/index.php\/wp-json\/wp\/v2\/types\/product"}],"replies":[{"embeddable":true,"href":"https:\/\/pop-co.fr\/index.php\/wp-json\/wp\/v2\/comments?post=4424"}],"version-history":[{"count":0,"href":"https:\/\/pop-co.fr\/index.php\/wp-json\/wp\/v2\/product\/4424\/revisions"}],"wp:featuredmedia":[{"embeddable":true,"href":"https:\/\/pop-co.fr\/index.php\/wp-json\/wp\/v2\/media\/344960"}],"wp:attachment":[{"href":"https:\/\/pop-co.fr\/index.php\/wp-json\/wp\/v2\/media?parent=4424"}],"wp:term":[{"taxonomy":"product_cat","embeddable":true,"href":"https:\/\/pop-co.fr\/index.php\/wp-json\/wp\/v2\/product_cat?post=4424"},{"taxonomy":"product_tag","embeddable":true,"href":"https:\/\/pop-co.fr\/index.php\/wp-json\/wp\/v2\/product_tag?post=4424"}],"curies":[{"name":"wp","href":"https:\/\/api.w.org\/{rel}","templated":true}]}}