{"id":4571,"date":"2024-02-20T18:54:47","date_gmt":"2024-02-20T17:54:47","guid":{"rendered":"https:\/\/pop-co.fr\/index.php\/product\/blue-lock-isagi-yoichi-figurine-17cm\/"},"modified":"2025-07-29T11:12:42","modified_gmt":"2025-07-29T09:12:42","slug":"blue-lock-isagi-yoichi-figurine-17cm","status":"publish","type":"product","link":"https:\/\/pop-co.fr\/index.php\/product\/blue-lock-isagi-yoichi-figurine-17cm\/","title":{"rendered":"BLUE LOCK &#8211; Isagi Yoichi &#8211; Figurine 17cm"},"content":{"rendered":"<p>Pop Up Parade 17cm<br \/>\nComposition : PVC<\/p>\n<p>POP UP PARADE est une s\u00e9rie de figurines faciles \u00e0 collectionner avec des prix abordables et des sorties rapides ! Chaque figurine mesure g\u00e9n\u00e9ralement entre 17 et 18 cm (6,69-7,08in) de haut et la s\u00e9rie comprend une vaste s\u00e9lection de personnages issus de s\u00e9ries d&rsquo;anime et de jeux populaires, et beaucoup d&rsquo;autres seront ajout\u00e9s prochainement !<\/p>\n<p>Sculpteur : HIROHITO<\/p>\n<p>Sp\u00e9cifications :<\/p>\n<p>Produits complets en plastique peint, sans \u00e9chelle, avec supports inclus. Hauteur approximative de 170 mm (6,69-7,08 pouces).<\/p>\n","protected":false},"excerpt":{"rendered":"<p>Pop Up Parade 17cm Composition : PVC POP UP PARADE est une s\u00e9rie de figurines faciles \u00e0 collectionner avec des prix abordables et des sorties rapides ! Chaque figurine mesure g\u00e9n\u00e9ralement entre 17 et 18 cm (6,69-7,08in) de haut et la s\u00e9rie comprend une vaste s\u00e9lection de personnages issus de s\u00e9ries d&rsquo;anime et de jeux [&hellip;]<\/p>\n","protected":false},"featured_media":356079,"comment_status":"open","ping_status":"closed","template":"","meta":[],"product_cat":[17,18],"product_tag":[],"aioseo_notices":[],"jetpack_sharing_enabled":true,"_links":{"self":[{"href":"https:\/\/pop-co.fr\/index.php\/wp-json\/wp\/v2\/product\/4571"}],"collection":[{"href":"https:\/\/pop-co.fr\/index.php\/wp-json\/wp\/v2\/product"}],"about":[{"href":"https:\/\/pop-co.fr\/index.php\/wp-json\/wp\/v2\/types\/product"}],"replies":[{"embeddable":true,"href":"https:\/\/pop-co.fr\/index.php\/wp-json\/wp\/v2\/comments?post=4571"}],"version-history":[{"count":0,"href":"https:\/\/pop-co.fr\/index.php\/wp-json\/wp\/v2\/product\/4571\/revisions"}],"wp:featuredmedia":[{"embeddable":true,"href":"https:\/\/pop-co.fr\/index.php\/wp-json\/wp\/v2\/media\/356079"}],"wp:attachment":[{"href":"https:\/\/pop-co.fr\/index.php\/wp-json\/wp\/v2\/media?parent=4571"}],"wp:term":[{"taxonomy":"product_cat","embeddable":true,"href":"https:\/\/pop-co.fr\/index.php\/wp-json\/wp\/v2\/product_cat?post=4571"},{"taxonomy":"product_tag","embeddable":true,"href":"https:\/\/pop-co.fr\/index.php\/wp-json\/wp\/v2\/product_tag?post=4571"}],"curies":[{"name":"wp","href":"https:\/\/api.w.org\/{rel}","templated":true}]}}