{"id":4805,"date":"2024-02-20T19:00:00","date_gmt":"2024-02-20T18:00:00","guid":{"rendered":"https:\/\/pop-co.fr\/index.php\/product\/papertoy-pokemon-starters-paldea-9g\/"},"modified":"2025-07-09T13:20:01","modified_gmt":"2025-07-09T11:20:01","slug":"papertoy-pokemon-starters-paldea-9g","status":"publish","type":"product","link":"https:\/\/pop-co.fr\/index.php\/product\/papertoy-pokemon-starters-paldea-9g\/","title":{"rendered":"PAPERTOY &#8211; POKEMON &#8211; Starters Paldea 9G"},"content":{"rendered":"<p>Pok\u00e9mon s&rsquo;installe partout et pourquoi pas dans votre salon ? Suivez les instructions et construisez facilement les trois Pok\u00e9mon starters des jeux Pok\u00e9mon \u00c9carlate et Violet hauts de 25 centim\u00e8tres environ. Gr\u00e2ce \u00e0 un pas \u00e0 pas simple et complet, fabriquez vous-m\u00eame votre Pok\u00e9mon pr\u00e9f\u00e9r\u00e9. Tout est inclus, il ne vous reste plus qu&rsquo;\u00e0 vous mettre au travail et \u00e0 devenir le meilleur des Dresseurs ! <\/p>\n<p>Dans la m\u00eame collection, construisez votre Pikachu et sa pok\u00e9ball, ainsi que les 3 Pok\u00e9mon starters embl\u00e9matiques : Bulbizarre, Salam\u00e8che et Carapuce !<\/p>\n","protected":false},"excerpt":{"rendered":"<p>Pok\u00e9mon s&rsquo;installe partout et pourquoi pas dans votre salon ? Suivez les instructions et construisez facilement les trois Pok\u00e9mon starters des jeux Pok\u00e9mon \u00c9carlate et Violet hauts de 25 centim\u00e8tres environ. Gr\u00e2ce \u00e0 un pas \u00e0 pas simple et complet, fabriquez vous-m\u00eame votre Pok\u00e9mon pr\u00e9f\u00e9r\u00e9. Tout est inclus, il ne vous reste plus qu&rsquo;\u00e0 vous [&hellip;]<\/p>\n","protected":false},"featured_media":354116,"comment_status":"open","ping_status":"closed","template":"","meta":[],"product_cat":[34,20],"product_tag":[],"aioseo_notices":[],"jetpack_sharing_enabled":true,"_links":{"self":[{"href":"https:\/\/pop-co.fr\/index.php\/wp-json\/wp\/v2\/product\/4805"}],"collection":[{"href":"https:\/\/pop-co.fr\/index.php\/wp-json\/wp\/v2\/product"}],"about":[{"href":"https:\/\/pop-co.fr\/index.php\/wp-json\/wp\/v2\/types\/product"}],"replies":[{"embeddable":true,"href":"https:\/\/pop-co.fr\/index.php\/wp-json\/wp\/v2\/comments?post=4805"}],"version-history":[{"count":0,"href":"https:\/\/pop-co.fr\/index.php\/wp-json\/wp\/v2\/product\/4805\/revisions"}],"wp:featuredmedia":[{"embeddable":true,"href":"https:\/\/pop-co.fr\/index.php\/wp-json\/wp\/v2\/media\/354116"}],"wp:attachment":[{"href":"https:\/\/pop-co.fr\/index.php\/wp-json\/wp\/v2\/media?parent=4805"}],"wp:term":[{"taxonomy":"product_cat","embeddable":true,"href":"https:\/\/pop-co.fr\/index.php\/wp-json\/wp\/v2\/product_cat?post=4805"},{"taxonomy":"product_tag","embeddable":true,"href":"https:\/\/pop-co.fr\/index.php\/wp-json\/wp\/v2\/product_tag?post=4805"}],"curies":[{"name":"wp","href":"https:\/\/api.w.org\/{rel}","templated":true}]}}