{"id":50237,"date":"2024-03-15T10:42:14","date_gmt":"2024-03-15T09:42:14","guid":{"rendered":"https:\/\/pop-co.fr\/index.php\/product\/lorcana-boosters-chapitre-3-2\/"},"modified":"2025-06-28T13:04:57","modified_gmt":"2025-06-28T11:04:57","slug":"lorcana-boosters-chapitre-3-2","status":"publish","type":"product","link":"https:\/\/pop-co.fr\/index.php\/product\/lorcana-boosters-chapitre-3-2\/","title":{"rendered":"LORCANA &#8211; X1 Booster chapitre 3 &#8211; Les terres d&rsquo;encre"},"content":{"rendered":"<p>*ATTENTION PRODUIT AL\u00c9ATOIRE NE POUVANT \u00caTRE RETOURN\u00c9*<\/p>\n<p>Pour l&rsquo;achat de 24 boosters, dans la mesure du possible, un display scell\u00e9 sera envoy\u00e9.<\/p>\n<p>Contrairement aux decks de d\u00e9marrage, les boosters contiennent 12 cartes al\u00e9atoires du set Disney Lorcana TCG Les Terres d\u2019Encres. Les boosters vous permettent de construire et personnaliser votre deck avec des capacit\u00e9s et des personnages en plus par rapport \u00e0 ceux trouv\u00e9s dans les decks de d\u00e9marrage.<\/p>\n<p>Chaque booster contient 12 cartes al\u00e9atoires :<\/p>\n<p>6 cartes Communes<br \/>\n3 cartes Inhabituelles<br \/>\n2 cartes Rare, Tr\u00e8s Rare, ou L\u00e9gendaire<br \/>\n1 cartes brillante de raret\u00e9 al\u00e9atoire<\/p>\n<p>Version Fran\u00e7aise<\/p>\n","protected":false},"excerpt":{"rendered":"<p>*ATTENTION PRODUIT AL\u00c9ATOIRE NE POUVANT \u00caTRE RETOURN\u00c9* Pour l&rsquo;achat de 24 boosters, dans la mesure du possible, un display scell\u00e9 sera envoy\u00e9. Contrairement aux decks de d\u00e9marrage, les boosters contiennent 12 cartes al\u00e9atoires du set Disney Lorcana TCG Les Terres d\u2019Encres. Les boosters vous permettent de construire et personnaliser votre deck avec des capacit\u00e9s et [&hellip;]<\/p>\n","protected":false},"featured_media":200162,"comment_status":"open","ping_status":"closed","template":"","meta":[],"product_cat":[29,32],"product_tag":[],"aioseo_notices":[],"jetpack_sharing_enabled":true,"_links":{"self":[{"href":"https:\/\/pop-co.fr\/index.php\/wp-json\/wp\/v2\/product\/50237"}],"collection":[{"href":"https:\/\/pop-co.fr\/index.php\/wp-json\/wp\/v2\/product"}],"about":[{"href":"https:\/\/pop-co.fr\/index.php\/wp-json\/wp\/v2\/types\/product"}],"replies":[{"embeddable":true,"href":"https:\/\/pop-co.fr\/index.php\/wp-json\/wp\/v2\/comments?post=50237"}],"version-history":[{"count":0,"href":"https:\/\/pop-co.fr\/index.php\/wp-json\/wp\/v2\/product\/50237\/revisions"}],"wp:featuredmedia":[{"embeddable":true,"href":"https:\/\/pop-co.fr\/index.php\/wp-json\/wp\/v2\/media\/200162"}],"wp:attachment":[{"href":"https:\/\/pop-co.fr\/index.php\/wp-json\/wp\/v2\/media?parent=50237"}],"wp:term":[{"taxonomy":"product_cat","embeddable":true,"href":"https:\/\/pop-co.fr\/index.php\/wp-json\/wp\/v2\/product_cat?post=50237"},{"taxonomy":"product_tag","embeddable":true,"href":"https:\/\/pop-co.fr\/index.php\/wp-json\/wp\/v2\/product_tag?post=50237"}],"curies":[{"name":"wp","href":"https:\/\/api.w.org\/{rel}","templated":true}]}}