{"id":5248,"date":"2024-02-20T19:09:02","date_gmt":"2024-02-20T18:09:02","guid":{"rendered":"https:\/\/pop-co.fr\/index.php\/product\/pokemon-pop-n582-mr-mime\/"},"modified":"2025-07-22T14:50:13","modified_gmt":"2025-07-22T12:50:13","slug":"pokemon-pop-n582-mr-mime","status":"publish","type":"product","link":"https:\/\/pop-co.fr\/index.php\/product\/pokemon-pop-n582-mr-mime\/","title":{"rendered":"POKEMON &#8211; POP N\u00b0582 Mr. Mime"},"content":{"rendered":"<p>Figurine en vinyle taille environ 9 centim\u00e8tres de haut, avec emballage bo\u00eete-fen\u00eatre.<\/p>\n<p>Mod\u00e8le de la collection POP! du fabricant Funko.<\/p>\n","protected":false},"excerpt":{"rendered":"<p>Figurine en vinyle taille environ 9 centim\u00e8tres de haut, avec emballage bo\u00eete-fen\u00eatre. Mod\u00e8le de la collection POP! du fabricant Funko.<\/p>\n","protected":false},"featured_media":354952,"comment_status":"open","ping_status":"closed","template":"","meta":[],"product_cat":[34,20],"product_tag":[],"aioseo_notices":[],"jetpack_sharing_enabled":true,"_links":{"self":[{"href":"https:\/\/pop-co.fr\/index.php\/wp-json\/wp\/v2\/product\/5248"}],"collection":[{"href":"https:\/\/pop-co.fr\/index.php\/wp-json\/wp\/v2\/product"}],"about":[{"href":"https:\/\/pop-co.fr\/index.php\/wp-json\/wp\/v2\/types\/product"}],"replies":[{"embeddable":true,"href":"https:\/\/pop-co.fr\/index.php\/wp-json\/wp\/v2\/comments?post=5248"}],"version-history":[{"count":0,"href":"https:\/\/pop-co.fr\/index.php\/wp-json\/wp\/v2\/product\/5248\/revisions"}],"wp:featuredmedia":[{"embeddable":true,"href":"https:\/\/pop-co.fr\/index.php\/wp-json\/wp\/v2\/media\/354952"}],"wp:attachment":[{"href":"https:\/\/pop-co.fr\/index.php\/wp-json\/wp\/v2\/media?parent=5248"}],"wp:term":[{"taxonomy":"product_cat","embeddable":true,"href":"https:\/\/pop-co.fr\/index.php\/wp-json\/wp\/v2\/product_cat?post=5248"},{"taxonomy":"product_tag","embeddable":true,"href":"https:\/\/pop-co.fr\/index.php\/wp-json\/wp\/v2\/product_tag?post=5248"}],"curies":[{"name":"wp","href":"https:\/\/api.w.org\/{rel}","templated":true}]}}