{"id":5286,"date":"2024-02-20T19:09:41","date_gmt":"2024-02-20T18:09:41","guid":{"rendered":"https:\/\/pop-co.fr\/index.php\/product\/naruto-pop-n183-haruno-sakura\/"},"modified":"2025-06-28T13:56:47","modified_gmt":"2025-06-28T11:56:47","slug":"naruto-pop-n183-haruno-sakura","status":"publish","type":"product","link":"https:\/\/pop-co.fr\/index.php\/product\/naruto-pop-n183-haruno-sakura\/","title":{"rendered":"NARUTO &#8211; POP N\u00b0183 Haruno Sakura"},"content":{"rendered":"<p>Figurine Bobblehead (*) Funko POP NARUTO, mod\u00e8le Sakura.<\/p>\n<p>Figurine sous licence officielle<br \/>\nMati\u00e8re : vinyl<br \/>\nTaille de la figurine : env 9-10 cm<br \/>\nEmballage bo\u00eete-fen\u00eatre ( 9 x 12 x 15 cm )<br \/>\n(*) Une figurine bobblehead, parfois traduite par \u00ab\u00a0figurine \u00e0 t\u00eate branlante\u00a0\u00bb, est un type de jouet \u00e0 collectionner, dont la t\u00eate est souvent surdimensionn\u00e9e par rapport \u00e0 son corps. Au lieu d&rsquo;une jonction solide avec le reste du corps, celle-ci y est reli\u00e9e par un ressort ou un crochet de sorte que la t\u00eate s&rsquo;agite lorsqu&rsquo;on la touche, d&rsquo;o\u00f9 le nom.<\/p>\n<p>Naruto : Shippuden est un anime qui a d\u00e9but\u00e9 en 2007 et qui est adapt\u00e9 de la deuxi\u00e8me partie de la s\u00e9rie manga Naruto. Il reprend la m\u00eame intrigue apr\u00e8s deux ans et demi d&rsquo;absence dans l&rsquo;univers de Naruto.<\/p>\n<p>Cette figurine Pop ! Vinyle repr\u00e9sente Sakura, une gu\u00e9risseuse talentueuse et une ninja puissante.<\/p>\n","protected":false},"excerpt":{"rendered":"<p>Figurine Bobblehead (*) Funko POP NARUTO, mod\u00e8le Sakura. Figurine sous licence officielle Mati\u00e8re : vinyl Taille de la figurine : env 9-10 cm Emballage bo\u00eete-fen\u00eatre ( 9 x 12 x 15 cm ) (*) Une figurine bobblehead, parfois traduite par \u00ab\u00a0figurine \u00e0 t\u00eate branlante\u00a0\u00bb, est un type de jouet \u00e0 collectionner, dont la t\u00eate est [&hellip;]<\/p>\n","protected":false},"featured_media":150561,"comment_status":"open","ping_status":"closed","template":"","meta":[],"product_cat":[17,21],"product_tag":[],"aioseo_notices":[],"jetpack_sharing_enabled":true,"_links":{"self":[{"href":"https:\/\/pop-co.fr\/index.php\/wp-json\/wp\/v2\/product\/5286"}],"collection":[{"href":"https:\/\/pop-co.fr\/index.php\/wp-json\/wp\/v2\/product"}],"about":[{"href":"https:\/\/pop-co.fr\/index.php\/wp-json\/wp\/v2\/types\/product"}],"replies":[{"embeddable":true,"href":"https:\/\/pop-co.fr\/index.php\/wp-json\/wp\/v2\/comments?post=5286"}],"version-history":[{"count":0,"href":"https:\/\/pop-co.fr\/index.php\/wp-json\/wp\/v2\/product\/5286\/revisions"}],"wp:featuredmedia":[{"embeddable":true,"href":"https:\/\/pop-co.fr\/index.php\/wp-json\/wp\/v2\/media\/150561"}],"wp:attachment":[{"href":"https:\/\/pop-co.fr\/index.php\/wp-json\/wp\/v2\/media?parent=5286"}],"wp:term":[{"taxonomy":"product_cat","embeddable":true,"href":"https:\/\/pop-co.fr\/index.php\/wp-json\/wp\/v2\/product_cat?post=5286"},{"taxonomy":"product_tag","embeddable":true,"href":"https:\/\/pop-co.fr\/index.php\/wp-json\/wp\/v2\/product_tag?post=5286"}],"curies":[{"name":"wp","href":"https:\/\/api.w.org\/{rel}","templated":true}]}}