{"id":5416,"date":"2024-02-20T19:12:20","date_gmt":"2024-02-20T18:12:20","guid":{"rendered":"https:\/\/pop-co.fr\/index.php\/product\/calice-disney-stitch-ananas\/"},"modified":"2025-07-29T11:08:42","modified_gmt":"2025-07-29T09:08:42","slug":"calice-disney-stitch-ananas","status":"publish","type":"product","link":"https:\/\/pop-co.fr\/index.php\/product\/calice-disney-stitch-ananas\/","title":{"rendered":"CALICE &#8211; DISNEY &#8211; Stitch ananas"},"content":{"rendered":"<p>Inspir\u00e9 par l&rsquo;un de nos personnages les plus vendus, Stitch, ce gobelet d\u00e9coratif en acier inoxydable est un cadeau id\u00e9al pour les fans de Stitch. D\u00e9cor\u00e9 en forme d&rsquo;ananas et orn\u00e9 d&rsquo;un point grimpant sur l&rsquo;ananas, c&rsquo;est un cadeau tr\u00e8s amusant. Ceci n&rsquo;est pas un jouet ou un produit pour enfants. Il est destin\u00e9 aux adultes uniquement. Il est \u00e9galement fourni dans une bo\u00eete cadeau de marque.<\/p>\n","protected":false},"excerpt":{"rendered":"<p>Inspir\u00e9 par l&rsquo;un de nos personnages les plus vendus, Stitch, ce gobelet d\u00e9coratif en acier inoxydable est un cadeau id\u00e9al pour les fans de Stitch. D\u00e9cor\u00e9 en forme d&rsquo;ananas et orn\u00e9 d&rsquo;un point grimpant sur l&rsquo;ananas, c&rsquo;est un cadeau tr\u00e8s amusant. Ceci n&rsquo;est pas un jouet ou un produit pour enfants. Il est destin\u00e9 aux [&hellip;]<\/p>\n","protected":false},"featured_media":356003,"comment_status":"open","ping_status":"closed","template":"","meta":[],"product_cat":[30],"product_tag":[],"aioseo_notices":[],"jetpack_sharing_enabled":true,"_links":{"self":[{"href":"https:\/\/pop-co.fr\/index.php\/wp-json\/wp\/v2\/product\/5416"}],"collection":[{"href":"https:\/\/pop-co.fr\/index.php\/wp-json\/wp\/v2\/product"}],"about":[{"href":"https:\/\/pop-co.fr\/index.php\/wp-json\/wp\/v2\/types\/product"}],"replies":[{"embeddable":true,"href":"https:\/\/pop-co.fr\/index.php\/wp-json\/wp\/v2\/comments?post=5416"}],"version-history":[{"count":0,"href":"https:\/\/pop-co.fr\/index.php\/wp-json\/wp\/v2\/product\/5416\/revisions"}],"wp:featuredmedia":[{"embeddable":true,"href":"https:\/\/pop-co.fr\/index.php\/wp-json\/wp\/v2\/media\/356003"}],"wp:attachment":[{"href":"https:\/\/pop-co.fr\/index.php\/wp-json\/wp\/v2\/media?parent=5416"}],"wp:term":[{"taxonomy":"product_cat","embeddable":true,"href":"https:\/\/pop-co.fr\/index.php\/wp-json\/wp\/v2\/product_cat?post=5416"},{"taxonomy":"product_tag","embeddable":true,"href":"https:\/\/pop-co.fr\/index.php\/wp-json\/wp\/v2\/product_tag?post=5416"}],"curies":[{"name":"wp","href":"https:\/\/api.w.org\/{rel}","templated":true}]}}