{"id":5424,"date":"2024-02-20T19:15:09","date_gmt":"2024-02-20T18:15:09","guid":{"rendered":"https:\/\/pop-co.fr\/index.php\/product\/cadre-naruto-adultes-et-enfants\/"},"modified":"2025-06-28T14:01:44","modified_gmt":"2025-06-28T12:01:44","slug":"cadre-naruto-adultes-et-enfants","status":"publish","type":"product","link":"https:\/\/pop-co.fr\/index.php\/product\/cadre-naruto-adultes-et-enfants\/","title":{"rendered":"CADRE &#8211; NARUTO &#8211; Adultes et enfants"},"content":{"rendered":"<p>Naruto, Sasuke et Sakura ont bien grandi depuis le d\u00e9but de leurs aventures ! Ils ont pris en confiance, en puissance et en exp\u00e9rience. Ce tirage encadr\u00e9 Naruto Shippuden par GB Eye nous rend un peu nostalgiques&#8230; <\/p>\n<p>&#8211; Tirage sur papier photographique<br \/>\n&#8211; Dimensions : 30,5 x 40,6 cm<br \/>\n&#8211; Epaisseur du cadre : 25 mm<br \/>\n&#8211; Vitre en styr\u00e8ne tr\u00e8s solide<br \/>\n&#8211; Packaging : film plastique avec plastique de protection sur les coins<\/p>\n","protected":false},"excerpt":{"rendered":"<p>Naruto, Sasuke et Sakura ont bien grandi depuis le d\u00e9but de leurs aventures ! Ils ont pris en confiance, en puissance et en exp\u00e9rience. Ce tirage encadr\u00e9 Naruto Shippuden par GB Eye nous rend un peu nostalgiques&#8230; &#8211; Tirage sur papier photographique &#8211; Dimensions : 30,5 x 40,6 cm &#8211; Epaisseur du cadre : 25 [&hellip;]<\/p>\n","protected":false},"featured_media":218114,"comment_status":"open","ping_status":"closed","template":"","meta":[],"product_cat":[76],"product_tag":[],"aioseo_notices":[],"jetpack_sharing_enabled":true,"_links":{"self":[{"href":"https:\/\/pop-co.fr\/index.php\/wp-json\/wp\/v2\/product\/5424"}],"collection":[{"href":"https:\/\/pop-co.fr\/index.php\/wp-json\/wp\/v2\/product"}],"about":[{"href":"https:\/\/pop-co.fr\/index.php\/wp-json\/wp\/v2\/types\/product"}],"replies":[{"embeddable":true,"href":"https:\/\/pop-co.fr\/index.php\/wp-json\/wp\/v2\/comments?post=5424"}],"version-history":[{"count":0,"href":"https:\/\/pop-co.fr\/index.php\/wp-json\/wp\/v2\/product\/5424\/revisions"}],"wp:featuredmedia":[{"embeddable":true,"href":"https:\/\/pop-co.fr\/index.php\/wp-json\/wp\/v2\/media\/218114"}],"wp:attachment":[{"href":"https:\/\/pop-co.fr\/index.php\/wp-json\/wp\/v2\/media?parent=5424"}],"wp:term":[{"taxonomy":"product_cat","embeddable":true,"href":"https:\/\/pop-co.fr\/index.php\/wp-json\/wp\/v2\/product_cat?post=5424"},{"taxonomy":"product_tag","embeddable":true,"href":"https:\/\/pop-co.fr\/index.php\/wp-json\/wp\/v2\/product_tag?post=5424"}],"curies":[{"name":"wp","href":"https:\/\/api.w.org\/{rel}","templated":true}]}}