{"id":5434,"date":"2024-02-20T19:15:22","date_gmt":"2024-02-20T18:15:22","guid":{"rendered":"https:\/\/pop-co.fr\/index.php\/product\/cadre-aot-key-art\/"},"modified":"2025-09-13T13:01:19","modified_gmt":"2025-09-13T11:01:19","slug":"cadre-aot-key-art","status":"publish","type":"product","link":"https:\/\/pop-co.fr\/index.php\/product\/cadre-aot-key-art\/","title":{"rendered":"CADRE &#8211; AOT &#8211; Key art"},"content":{"rendered":"<p>Eren arrivera-t-il \u00e0 prot\u00e9ger ses amis de la menace du titan colossal ? Envoyez lui votre soutien avec ce tirage encadr\u00e9 l&rsquo;Attaque desTitans par GB eye ! <\/p>\n<p>&#8211; Tirage sur papier photographique<br \/>\n&#8211; Dimensions : 30,5 x 40,6 cm<br \/>\n&#8211; Epaisseur du cadre : 25 mm<br \/>\n&#8211; Vitre en styr\u00e8ne tr\u00e8s solide<br \/>\n&#8211; Packaging : film plastique avec plastique de protection sur les coins<\/p>\n","protected":false},"excerpt":{"rendered":"<p>Eren arrivera-t-il \u00e0 prot\u00e9ger ses amis de la menace du titan colossal ? Envoyez lui votre soutien avec ce tirage encadr\u00e9 l&rsquo;Attaque desTitans par GB eye ! &#8211; Tirage sur papier photographique &#8211; Dimensions : 30,5 x 40,6 cm &#8211; Epaisseur du cadre : 25 mm &#8211; Vitre en styr\u00e8ne tr\u00e8s solide &#8211; Packaging : [&hellip;]<\/p>\n","protected":false},"featured_media":358434,"comment_status":"open","ping_status":"closed","template":"","meta":[],"product_cat":[76],"product_tag":[],"aioseo_notices":[],"jetpack_sharing_enabled":true,"_links":{"self":[{"href":"https:\/\/pop-co.fr\/index.php\/wp-json\/wp\/v2\/product\/5434"}],"collection":[{"href":"https:\/\/pop-co.fr\/index.php\/wp-json\/wp\/v2\/product"}],"about":[{"href":"https:\/\/pop-co.fr\/index.php\/wp-json\/wp\/v2\/types\/product"}],"replies":[{"embeddable":true,"href":"https:\/\/pop-co.fr\/index.php\/wp-json\/wp\/v2\/comments?post=5434"}],"version-history":[{"count":0,"href":"https:\/\/pop-co.fr\/index.php\/wp-json\/wp\/v2\/product\/5434\/revisions"}],"wp:featuredmedia":[{"embeddable":true,"href":"https:\/\/pop-co.fr\/index.php\/wp-json\/wp\/v2\/media\/358434"}],"wp:attachment":[{"href":"https:\/\/pop-co.fr\/index.php\/wp-json\/wp\/v2\/media?parent=5434"}],"wp:term":[{"taxonomy":"product_cat","embeddable":true,"href":"https:\/\/pop-co.fr\/index.php\/wp-json\/wp\/v2\/product_cat?post=5434"},{"taxonomy":"product_tag","embeddable":true,"href":"https:\/\/pop-co.fr\/index.php\/wp-json\/wp\/v2\/product_tag?post=5434"}],"curies":[{"name":"wp","href":"https:\/\/api.w.org\/{rel}","templated":true}]}}