{"id":5444,"date":"2024-02-20T19:15:34","date_gmt":"2024-02-20T18:15:34","guid":{"rendered":"https:\/\/pop-co.fr\/index.php\/product\/cadre-demon-slayer-personnages\/"},"modified":"2025-06-28T14:01:59","modified_gmt":"2025-06-28T12:01:59","slug":"cadre-demon-slayer-personnages","status":"publish","type":"product","link":"https:\/\/pop-co.fr\/index.php\/product\/cadre-demon-slayer-personnages\/","title":{"rendered":"CADRE &#8211; DEMON SLAYER &#8211; Personnages"},"content":{"rendered":"<p>Ramenez quatre de vos personnages pr\u00e9f\u00e9r\u00e9s de la s\u00e9rie ph\u00e9nom\u00e8ne Demon Slayer chez vous avec ce tirage encadr\u00e9 de groupe par ABYstyle. Il repr\u00e9sente Tanjiro, Nezuko, Zenitsu et Inosuke avec leurs motifs signatures, accentu\u00e9s par un cadre noir. <\/p>\n<p>&#8211; Tirage sur papier photographique<br \/>\n&#8211; Dimensions : 30,5 x 40,6 cm<br \/>\n&#8211; Epaisseur du cadre : 25 mm<br \/>\n&#8211; Vitre en styr\u00e8ne tr\u00e8s solide<br \/>\n&#8211; Packaging : film plastique avec plastique de protection sur les coins<\/p>\n","protected":false},"excerpt":{"rendered":"<p>Ramenez quatre de vos personnages pr\u00e9f\u00e9r\u00e9s de la s\u00e9rie ph\u00e9nom\u00e8ne Demon Slayer chez vous avec ce tirage encadr\u00e9 de groupe par ABYstyle. Il repr\u00e9sente Tanjiro, Nezuko, Zenitsu et Inosuke avec leurs motifs signatures, accentu\u00e9s par un cadre noir. &#8211; Tirage sur papier photographique &#8211; Dimensions : 30,5 x 40,6 cm &#8211; Epaisseur du cadre : [&hellip;]<\/p>\n","protected":false},"featured_media":150612,"comment_status":"open","ping_status":"closed","template":"","meta":[],"product_cat":[76],"product_tag":[],"aioseo_notices":[],"jetpack_sharing_enabled":true,"_links":{"self":[{"href":"https:\/\/pop-co.fr\/index.php\/wp-json\/wp\/v2\/product\/5444"}],"collection":[{"href":"https:\/\/pop-co.fr\/index.php\/wp-json\/wp\/v2\/product"}],"about":[{"href":"https:\/\/pop-co.fr\/index.php\/wp-json\/wp\/v2\/types\/product"}],"replies":[{"embeddable":true,"href":"https:\/\/pop-co.fr\/index.php\/wp-json\/wp\/v2\/comments?post=5444"}],"version-history":[{"count":0,"href":"https:\/\/pop-co.fr\/index.php\/wp-json\/wp\/v2\/product\/5444\/revisions"}],"wp:featuredmedia":[{"embeddable":true,"href":"https:\/\/pop-co.fr\/index.php\/wp-json\/wp\/v2\/media\/150612"}],"wp:attachment":[{"href":"https:\/\/pop-co.fr\/index.php\/wp-json\/wp\/v2\/media?parent=5444"}],"wp:term":[{"taxonomy":"product_cat","embeddable":true,"href":"https:\/\/pop-co.fr\/index.php\/wp-json\/wp\/v2\/product_cat?post=5444"},{"taxonomy":"product_tag","embeddable":true,"href":"https:\/\/pop-co.fr\/index.php\/wp-json\/wp\/v2\/product_tag?post=5444"}],"curies":[{"name":"wp","href":"https:\/\/api.w.org\/{rel}","templated":true}]}}