{"id":5448,"date":"2024-02-20T19:15:39","date_gmt":"2024-02-20T18:15:39","guid":{"rendered":"https:\/\/pop-co.fr\/index.php\/product\/cadre-demon-slayer-pourfendeurs\/"},"modified":"2025-06-28T14:02:03","modified_gmt":"2025-06-28T12:02:03","slug":"cadre-demon-slayer-pourfendeurs","status":"publish","type":"product","link":"https:\/\/pop-co.fr\/index.php\/product\/cadre-demon-slayer-pourfendeurs\/","title":{"rendered":"CADRE &#8211; DEMON SLAYER &#8211; Pourfendeurs"},"content":{"rendered":"<p>Les d\u00e9mons de Muzan ne feront pas le poids face \u00e0 Tanjiro et ses amis sur ce tirage encadr\u00e9 Demon Slayer par GB Eye ! <\/p>\n<p>&#8211; Tirage sur papier photographique<br \/>\n&#8211; Dimensions : 30,5 x 40,6 cm<br \/>\n&#8211; Epaisseur du cadre : 25 mm<br \/>\n&#8211; Vitre en styr\u00e8ne tr\u00e8s solide<br \/>\n&#8211; Packaging : film plastique avec plastique de protection sur les coins<\/p>\n","protected":false},"excerpt":{"rendered":"<p>Les d\u00e9mons de Muzan ne feront pas le poids face \u00e0 Tanjiro et ses amis sur ce tirage encadr\u00e9 Demon Slayer par GB Eye ! &#8211; Tirage sur papier photographique &#8211; Dimensions : 30,5 x 40,6 cm &#8211; Epaisseur du cadre : 25 mm &#8211; Vitre en styr\u00e8ne tr\u00e8s solide &#8211; Packaging : film plastique [&hellip;]<\/p>\n","protected":false},"featured_media":194923,"comment_status":"open","ping_status":"closed","template":"","meta":[],"product_cat":[76],"product_tag":[],"aioseo_notices":[],"jetpack_sharing_enabled":true,"_links":{"self":[{"href":"https:\/\/pop-co.fr\/index.php\/wp-json\/wp\/v2\/product\/5448"}],"collection":[{"href":"https:\/\/pop-co.fr\/index.php\/wp-json\/wp\/v2\/product"}],"about":[{"href":"https:\/\/pop-co.fr\/index.php\/wp-json\/wp\/v2\/types\/product"}],"replies":[{"embeddable":true,"href":"https:\/\/pop-co.fr\/index.php\/wp-json\/wp\/v2\/comments?post=5448"}],"version-history":[{"count":0,"href":"https:\/\/pop-co.fr\/index.php\/wp-json\/wp\/v2\/product\/5448\/revisions"}],"wp:featuredmedia":[{"embeddable":true,"href":"https:\/\/pop-co.fr\/index.php\/wp-json\/wp\/v2\/media\/194923"}],"wp:attachment":[{"href":"https:\/\/pop-co.fr\/index.php\/wp-json\/wp\/v2\/media?parent=5448"}],"wp:term":[{"taxonomy":"product_cat","embeddable":true,"href":"https:\/\/pop-co.fr\/index.php\/wp-json\/wp\/v2\/product_cat?post=5448"},{"taxonomy":"product_tag","embeddable":true,"href":"https:\/\/pop-co.fr\/index.php\/wp-json\/wp\/v2\/product_tag?post=5448"}],"curies":[{"name":"wp","href":"https:\/\/api.w.org\/{rel}","templated":true}]}}