{"id":56068,"date":"2024-03-23T10:40:10","date_gmt":"2024-03-23T09:40:10","guid":{"rendered":"https:\/\/pop-co.fr\/index.php\/product\/portefeuille-loungefly-disney-tiana-lenticulaire-la-princesse-et-la-grenouille\/"},"modified":"2025-07-29T11:55:13","modified_gmt":"2025-07-29T09:55:13","slug":"portefeuille-loungefly-disney-tiana-lenticulaire-la-princesse-et-la-grenouille","status":"publish","type":"product","link":"https:\/\/pop-co.fr\/index.php\/product\/portefeuille-loungefly-disney-tiana-lenticulaire-la-princesse-et-la-grenouille\/","title":{"rendered":"PORTEFEUILLE LOUNGEFLY &#8211; DISNEY &#8211; Tiana lenticulaire (La princesse et la grenouille)"},"content":{"rendered":"<p>Avec un petit souhait et un peu de travail acharn\u00e9, vos r\u00eaves deviendront certainement r\u00e9alit\u00e9 ! Le portefeuille lenticulaire \u00e0 fermeture \u00e9clair Loungefly Princess and the Frog Tiana recr\u00e9e le conte anim\u00e9 inspirant de Disney. Sur le devant, Charlotte se tient devant un cadre compos\u00e9 de motifs de la Nouvelle-Orl\u00e9ans. D\u00e9placez le portefeuille d&rsquo;avant en arri\u00e8re pour r\u00e9v\u00e9ler des souvenirs de l&rsquo;amiti\u00e9 de Charlotte et Tiana en tant qu&rsquo;enfants et adultes ! \u00c0 l&rsquo;int\u00e9rieur, sept emplacements pour cartes accompagnent un emplacement transparent pour carte d&rsquo;identit\u00e9, et un compartiment zipp\u00e9 offre de la place pour tous vos essentiels. Ce bracelet est l&rsquo;\u00e9toile brillante de toute sortie et gardera vos affaires en s\u00e9curit\u00e9 partout o\u00f9 vos aventures vous m\u00e8neront.<br \/>\nLe portefeuille lenticulaire \u00e0 fermeture \u00e9clair Loungefly Princess and the Frog Tiana est fabriqu\u00e9 en cuir v\u00e9g\u00e9talien (polyur\u00e9thane). Le portefeuille a une dragonne amovible et des fermetures \u00e9clair ferm\u00e9es par du mat\u00e9riel dor\u00e9 brillant. Les fonctionnalit\u00e9s suppl\u00e9mentaires incluent des d\u00e9tails appliqu\u00e9s, grav\u00e9s, lenticulaires et imprim\u00e9s. Prenez note de la doublure assortie et de la fen\u00eatre d&rsquo;identification d\u00e9coup\u00e9e en forme de libellule.<br \/>\nCe portefeuille est un produit Disney sous licence officielle.<\/p>\n","protected":false},"excerpt":{"rendered":"<p>Avec un petit souhait et un peu de travail acharn\u00e9, vos r\u00eaves deviendront certainement r\u00e9alit\u00e9 ! Le portefeuille lenticulaire \u00e0 fermeture \u00e9clair Loungefly Princess and the Frog Tiana recr\u00e9e le conte anim\u00e9 inspirant de Disney. Sur le devant, Charlotte se tient devant un cadre compos\u00e9 de motifs de la Nouvelle-Orl\u00e9ans. D\u00e9placez le portefeuille d&rsquo;avant en [&hellip;]<\/p>\n","protected":false},"featured_media":356510,"comment_status":"open","ping_status":"closed","template":"","meta":[],"product_cat":[48,47],"product_tag":[],"aioseo_notices":[],"jetpack_sharing_enabled":true,"_links":{"self":[{"href":"https:\/\/pop-co.fr\/index.php\/wp-json\/wp\/v2\/product\/56068"}],"collection":[{"href":"https:\/\/pop-co.fr\/index.php\/wp-json\/wp\/v2\/product"}],"about":[{"href":"https:\/\/pop-co.fr\/index.php\/wp-json\/wp\/v2\/types\/product"}],"replies":[{"embeddable":true,"href":"https:\/\/pop-co.fr\/index.php\/wp-json\/wp\/v2\/comments?post=56068"}],"version-history":[{"count":0,"href":"https:\/\/pop-co.fr\/index.php\/wp-json\/wp\/v2\/product\/56068\/revisions"}],"wp:featuredmedia":[{"embeddable":true,"href":"https:\/\/pop-co.fr\/index.php\/wp-json\/wp\/v2\/media\/356510"}],"wp:attachment":[{"href":"https:\/\/pop-co.fr\/index.php\/wp-json\/wp\/v2\/media?parent=56068"}],"wp:term":[{"taxonomy":"product_cat","embeddable":true,"href":"https:\/\/pop-co.fr\/index.php\/wp-json\/wp\/v2\/product_cat?post=56068"},{"taxonomy":"product_tag","embeddable":true,"href":"https:\/\/pop-co.fr\/index.php\/wp-json\/wp\/v2\/product_tag?post=56068"}],"curies":[{"name":"wp","href":"https:\/\/api.w.org\/{rel}","templated":true}]}}