{"id":5629,"date":"2024-02-20T19:21:40","date_gmt":"2024-02-20T18:21:40","guid":{"rendered":"https:\/\/pop-co.fr\/index.php\/product\/bombe-de-bain-disney-mickey-mouse-et-minnie-mouse\/"},"modified":"2025-07-29T11:07:49","modified_gmt":"2025-07-29T09:07:49","slug":"bombe-de-bain-disney-mickey-mouse-et-minnie-mouse","status":"publish","type":"product","link":"https:\/\/pop-co.fr\/index.php\/product\/bombe-de-bain-disney-mickey-mouse-et-minnie-mouse\/","title":{"rendered":"BOMBE DE BAIN &#8211; DISNEY &#8211; Mickey Mouse et Minnie Mouse"},"content":{"rendered":"<p>Nous c\u00e9l\u00e9brons les 100 ans d&rsquo;\u00e9merveillement de Disney avec une collection innovante inspir\u00e9e par l&rsquo;art du mouvement. Con\u00e7ue pour surprendre et ravir, chaque pi\u00e8ce comporte un \u00e9l\u00e9ment mobile interactif bas\u00e9 sur des techniques classiques d&rsquo;animation et de r\u00e9alisation de films, honorant l&rsquo;invention originale et l&rsquo;innovation derri\u00e8re la magie \u00e9ternelle de Disney.<br \/>\nQue le spectacle et les c\u00e9l\u00e9brations Disney 100 commencent ! En ouvrant les rideaux sur la bo\u00eete inspir\u00e9e du cin\u00e9ma r\u00e9tro, vous d\u00e9couvrirez un duo de masques en feuille biod\u00e9gradables imprim\u00e9s Winnie l&rsquo;Ourson et Clochette pr\u00eats \u00e0 faire des merveilles sur votre peau ! Ces masques rafra\u00eechissants en fibres sont imbib\u00e9s d&rsquo;un s\u00e9rum enrichi en acide hyaluronique hydratant pour aider la peau \u00e0 se sentir hydrat\u00e9e, dans des parfums apaisants de concombre et de noix de coco nourrissante.<\/p>\n","protected":false},"excerpt":{"rendered":"<p>Nous c\u00e9l\u00e9brons les 100 ans d&rsquo;\u00e9merveillement de Disney avec une collection innovante inspir\u00e9e par l&rsquo;art du mouvement. Con\u00e7ue pour surprendre et ravir, chaque pi\u00e8ce comporte un \u00e9l\u00e9ment mobile interactif bas\u00e9 sur des techniques classiques d&rsquo;animation et de r\u00e9alisation de films, honorant l&rsquo;invention originale et l&rsquo;innovation derri\u00e8re la magie \u00e9ternelle de Disney. Que le spectacle et [&hellip;]<\/p>\n","protected":false},"featured_media":355968,"comment_status":"open","ping_status":"closed","template":"","meta":[],"product_cat":[29],"product_tag":[],"aioseo_notices":[],"jetpack_sharing_enabled":true,"_links":{"self":[{"href":"https:\/\/pop-co.fr\/index.php\/wp-json\/wp\/v2\/product\/5629"}],"collection":[{"href":"https:\/\/pop-co.fr\/index.php\/wp-json\/wp\/v2\/product"}],"about":[{"href":"https:\/\/pop-co.fr\/index.php\/wp-json\/wp\/v2\/types\/product"}],"replies":[{"embeddable":true,"href":"https:\/\/pop-co.fr\/index.php\/wp-json\/wp\/v2\/comments?post=5629"}],"version-history":[{"count":0,"href":"https:\/\/pop-co.fr\/index.php\/wp-json\/wp\/v2\/product\/5629\/revisions"}],"wp:featuredmedia":[{"embeddable":true,"href":"https:\/\/pop-co.fr\/index.php\/wp-json\/wp\/v2\/media\/355968"}],"wp:attachment":[{"href":"https:\/\/pop-co.fr\/index.php\/wp-json\/wp\/v2\/media?parent=5629"}],"wp:term":[{"taxonomy":"product_cat","embeddable":true,"href":"https:\/\/pop-co.fr\/index.php\/wp-json\/wp\/v2\/product_cat?post=5629"},{"taxonomy":"product_tag","embeddable":true,"href":"https:\/\/pop-co.fr\/index.php\/wp-json\/wp\/v2\/product_tag?post=5629"}],"curies":[{"name":"wp","href":"https:\/\/api.w.org\/{rel}","templated":true}]}}