{"id":56529,"date":"2024-03-23T14:33:38","date_gmt":"2024-03-23T13:33:38","guid":{"rendered":"https:\/\/pop-co.fr\/index.php\/product\/golden-ticket-naruto-hatake-kakashi-v2\/"},"modified":"2025-07-07T13:22:21","modified_gmt":"2025-07-07T11:22:21","slug":"golden-ticket-naruto-hatake-kakashi-v2","status":"publish","type":"product","link":"https:\/\/pop-co.fr\/index.php\/product\/golden-ticket-naruto-hatake-kakashi-v2\/","title":{"rendered":"GOLDEN TICKET &#8211; NARUTO &#8211; Hatake Kakashi V2"},"content":{"rendered":"<p>Golden Ticket Naruto Shuppiden : Kakashi V2<\/p>\n<p>Chaque ticket est imprim\u00e9 en Haute D\u00e9finition sur du papier PVC ind\u00e9chirable, lavable et recouvert d&rsquo;une fine couche de dorure tr\u00e8s brillante.<\/p>\n<p>Les collections des Tickets sont limit\u00e9es.<\/p>\n<p>Mesure 7 x 14cm<\/p>\n","protected":false},"excerpt":{"rendered":"<p>Golden Ticket Naruto Shuppiden : Kakashi V2 Chaque ticket est imprim\u00e9 en Haute D\u00e9finition sur du papier PVC ind\u00e9chirable, lavable et recouvert d&rsquo;une fine couche de dorure tr\u00e8s brillante. Les collections des Tickets sont limit\u00e9es. Mesure 7 x 14cm<\/p>\n","protected":false},"featured_media":353823,"comment_status":"open","ping_status":"closed","template":"","meta":[],"product_cat":[17,21],"product_tag":[],"aioseo_notices":[],"jetpack_sharing_enabled":true,"_links":{"self":[{"href":"https:\/\/pop-co.fr\/index.php\/wp-json\/wp\/v2\/product\/56529"}],"collection":[{"href":"https:\/\/pop-co.fr\/index.php\/wp-json\/wp\/v2\/product"}],"about":[{"href":"https:\/\/pop-co.fr\/index.php\/wp-json\/wp\/v2\/types\/product"}],"replies":[{"embeddable":true,"href":"https:\/\/pop-co.fr\/index.php\/wp-json\/wp\/v2\/comments?post=56529"}],"version-history":[{"count":0,"href":"https:\/\/pop-co.fr\/index.php\/wp-json\/wp\/v2\/product\/56529\/revisions"}],"wp:featuredmedia":[{"embeddable":true,"href":"https:\/\/pop-co.fr\/index.php\/wp-json\/wp\/v2\/media\/353823"}],"wp:attachment":[{"href":"https:\/\/pop-co.fr\/index.php\/wp-json\/wp\/v2\/media?parent=56529"}],"wp:term":[{"taxonomy":"product_cat","embeddable":true,"href":"https:\/\/pop-co.fr\/index.php\/wp-json\/wp\/v2\/product_cat?post=56529"},{"taxonomy":"product_tag","embeddable":true,"href":"https:\/\/pop-co.fr\/index.php\/wp-json\/wp\/v2\/product_tag?post=56529"}],"curies":[{"name":"wp","href":"https:\/\/api.w.org\/{rel}","templated":true}]}}