{"id":5682,"date":"2024-02-20T19:23:05","date_gmt":"2024-02-20T18:23:05","guid":{"rendered":"https:\/\/pop-co.fr\/index.php\/product\/moule-glacons-one-piece-skulls\/"},"modified":"2025-06-28T14:08:03","modified_gmt":"2025-06-28T12:08:03","slug":"moule-glacons-one-piece-skulls","status":"publish","type":"product","link":"https:\/\/pop-co.fr\/index.php\/product\/moule-glacons-one-piece-skulls\/","title":{"rendered":"MOULE GLACONS &#8211; ONE PIECE &#8211; Skulls"},"content":{"rendered":"<p>Pr\u00e9parez vos boissons fra\u00eeches avec autant de classe que Sanji gr\u00e2ce \u00e0 ce moule \u00e0 gla\u00e7ons One Piece par ABYstyle ! <\/p>\n<p>&#8211; Taille : 17,5 x 12 x 2 cm<br \/>\n&#8211; Mati\u00e8re : silicone<\/p>\n","protected":false},"excerpt":{"rendered":"<p>Pr\u00e9parez vos boissons fra\u00eeches avec autant de classe que Sanji gr\u00e2ce \u00e0 ce moule \u00e0 gla\u00e7ons One Piece par ABYstyle ! &#8211; Taille : 17,5 x 12 x 2 cm &#8211; Mati\u00e8re : silicone<\/p>\n","protected":false},"featured_media":150736,"comment_status":"open","ping_status":"closed","template":"","meta":[],"product_cat":[17,22],"product_tag":[],"aioseo_notices":[],"jetpack_sharing_enabled":true,"_links":{"self":[{"href":"https:\/\/pop-co.fr\/index.php\/wp-json\/wp\/v2\/product\/5682"}],"collection":[{"href":"https:\/\/pop-co.fr\/index.php\/wp-json\/wp\/v2\/product"}],"about":[{"href":"https:\/\/pop-co.fr\/index.php\/wp-json\/wp\/v2\/types\/product"}],"replies":[{"embeddable":true,"href":"https:\/\/pop-co.fr\/index.php\/wp-json\/wp\/v2\/comments?post=5682"}],"version-history":[{"count":0,"href":"https:\/\/pop-co.fr\/index.php\/wp-json\/wp\/v2\/product\/5682\/revisions"}],"wp:featuredmedia":[{"embeddable":true,"href":"https:\/\/pop-co.fr\/index.php\/wp-json\/wp\/v2\/media\/150736"}],"wp:attachment":[{"href":"https:\/\/pop-co.fr\/index.php\/wp-json\/wp\/v2\/media?parent=5682"}],"wp:term":[{"taxonomy":"product_cat","embeddable":true,"href":"https:\/\/pop-co.fr\/index.php\/wp-json\/wp\/v2\/product_cat?post=5682"},{"taxonomy":"product_tag","embeddable":true,"href":"https:\/\/pop-co.fr\/index.php\/wp-json\/wp\/v2\/product_tag?post=5682"}],"curies":[{"name":"wp","href":"https:\/\/api.w.org\/{rel}","templated":true}]}}