{"id":5707,"date":"2024-02-20T19:23:27","date_gmt":"2024-02-20T18:23:27","guid":{"rendered":"https:\/\/pop-co.fr\/index.php\/product\/porte-monnaie-naruto-gama-chan\/"},"modified":"2025-06-28T14:08:10","modified_gmt":"2025-06-28T12:08:10","slug":"porte-monnaie-naruto-gama-chan","status":"publish","type":"product","link":"https:\/\/pop-co.fr\/index.php\/product\/porte-monnaie-naruto-gama-chan\/","title":{"rendered":"PORTE MONNAIE &#8211; NARUTO &#8211; Gama-chan"},"content":{"rendered":"<p>Avec cette superbe r\u00e9plique du porte-monnaie de Naruto, votre argent sera en parfaite s\u00e9curit\u00e9 dans la bouche du crapaud ! <\/p>\n<p>&#8211; Reproduction du porte-monnaie de Naruto<br \/>\n&#8211; Fermoir en m\u00e9tal<br \/>\n&#8211; Mat\u00e9riaux doux : aspect et toucher style peluche<br \/>\n&#8211; Dimensions : environ 8,5 cm L x 7 cm H x 11 cm Profondeur<br \/>\n&#8211; Packaging : \u00e9tiquette licence<\/p>\n","protected":false},"excerpt":{"rendered":"<p>Avec cette superbe r\u00e9plique du porte-monnaie de Naruto, votre argent sera en parfaite s\u00e9curit\u00e9 dans la bouche du crapaud ! &#8211; Reproduction du porte-monnaie de Naruto &#8211; Fermoir en m\u00e9tal &#8211; Mat\u00e9riaux doux : aspect et toucher style peluche &#8211; Dimensions : environ 8,5 cm L x 7 cm H x 11 cm Profondeur &#8211; [&hellip;]<\/p>\n","protected":false},"featured_media":256694,"comment_status":"open","ping_status":"closed","template":"","meta":[],"product_cat":[17,21],"product_tag":[],"aioseo_notices":[],"jetpack_sharing_enabled":true,"_links":{"self":[{"href":"https:\/\/pop-co.fr\/index.php\/wp-json\/wp\/v2\/product\/5707"}],"collection":[{"href":"https:\/\/pop-co.fr\/index.php\/wp-json\/wp\/v2\/product"}],"about":[{"href":"https:\/\/pop-co.fr\/index.php\/wp-json\/wp\/v2\/types\/product"}],"replies":[{"embeddable":true,"href":"https:\/\/pop-co.fr\/index.php\/wp-json\/wp\/v2\/comments?post=5707"}],"version-history":[{"count":0,"href":"https:\/\/pop-co.fr\/index.php\/wp-json\/wp\/v2\/product\/5707\/revisions"}],"wp:featuredmedia":[{"embeddable":true,"href":"https:\/\/pop-co.fr\/index.php\/wp-json\/wp\/v2\/media\/256694"}],"wp:attachment":[{"href":"https:\/\/pop-co.fr\/index.php\/wp-json\/wp\/v2\/media?parent=5707"}],"wp:term":[{"taxonomy":"product_cat","embeddable":true,"href":"https:\/\/pop-co.fr\/index.php\/wp-json\/wp\/v2\/product_cat?post=5707"},{"taxonomy":"product_tag","embeddable":true,"href":"https:\/\/pop-co.fr\/index.php\/wp-json\/wp\/v2\/product_tag?post=5707"}],"curies":[{"name":"wp","href":"https:\/\/api.w.org\/{rel}","templated":true}]}}