{"id":5729,"date":"2024-02-20T19:23:52","date_gmt":"2024-02-20T18:23:52","guid":{"rendered":"https:\/\/pop-co.fr\/index.php\/product\/puzzle-disney-chateau-merida-1000pcs-rebelle\/"},"modified":"2025-06-28T14:08:24","modified_gmt":"2025-06-28T12:08:24","slug":"puzzle-disney-chateau-merida-1000pcs-rebelle","status":"publish","type":"product","link":"https:\/\/pop-co.fr\/index.php\/product\/puzzle-disney-chateau-merida-1000pcs-rebelle\/","title":{"rendered":"PUZZLE &#8211; DISNEY &#8211; Ch\u00e2teau M\u00e9rida (1000pcs) (Rebelle)"},"content":{"rendered":"<p>Changez votre destin et apprenez \u00e0 \u00eatre courageux avec notre puzzle \u00ab\u00a0Ch\u00e2teaux Disney : Merida\u00a0\u00bb !<\/p>\n<p>Dans le film Merida de Disney, au sein de leur ch\u00e2teau, Merida, confiante et d\u00e9termin\u00e9e, se bat contre la tradition et le souhait de sa m\u00e8re de se marier. Merida pr\u00e9f\u00e8re chercher l&rsquo;aventure et choisir son propre chemin dans la vie. Mais lorsque le sort de la sorci\u00e8re change sa m\u00e8re d&rsquo;une mani\u00e8re que Merida n&rsquo;avait jamais pr\u00e9vue, Merida doit sauver sa m\u00e8re et r\u00e9parer leur relation, ou sa m\u00e8re sera chang\u00e9e \u00e0 jamais. Soyez courageux et profitez d&rsquo;heures de puzzle amusant !<\/p>\n<p>Profitez de ce puzzle Disney et Pixar Brave et de toute notre collection de ch\u00e2teaux Disney c\u00e9l\u00e9brant 100 ans de magie Disney ! Cette \u00e9nigme de 1 000 pi\u00e8ces combine des images captivantes avec des pi\u00e8ces bien d\u00e9coup\u00e9es et l&#8217;embo\u00eetement parfait de Ravensburger pour une exp\u00e9rience de casse-t\u00eate des plus parfaites. Nos puzzles sont fabriqu\u00e9s avec un support extra \u00e9pais exclusif et notre papier sup\u00e9rieur \u00e0 structure de lin, de sorte que l&rsquo;image imprim\u00e9e est vibrante, nette et sans reflets. Cr\u00e9ez des moments m\u00e9morables avec les puzzles de qualit\u00e9 sup\u00e9rieure de Ravensburger !<\/p>\n<p>Amusant pour les 14 ans et plus ! Mesure environ 70 x 50 cm (27 x 19,5 pouces) une fois termin\u00e9.<\/p>\n","protected":false},"excerpt":{"rendered":"<p>Changez votre destin et apprenez \u00e0 \u00eatre courageux avec notre puzzle \u00ab\u00a0Ch\u00e2teaux Disney : Merida\u00a0\u00bb ! Dans le film Merida de Disney, au sein de leur ch\u00e2teau, Merida, confiante et d\u00e9termin\u00e9e, se bat contre la tradition et le souhait de sa m\u00e8re de se marier. Merida pr\u00e9f\u00e8re chercher l&rsquo;aventure et choisir son propre chemin dans [&hellip;]<\/p>\n","protected":false},"featured_media":175075,"comment_status":"open","ping_status":"closed","template":"","meta":[],"product_cat":[29],"product_tag":[],"aioseo_notices":[],"jetpack_sharing_enabled":true,"_links":{"self":[{"href":"https:\/\/pop-co.fr\/index.php\/wp-json\/wp\/v2\/product\/5729"}],"collection":[{"href":"https:\/\/pop-co.fr\/index.php\/wp-json\/wp\/v2\/product"}],"about":[{"href":"https:\/\/pop-co.fr\/index.php\/wp-json\/wp\/v2\/types\/product"}],"replies":[{"embeddable":true,"href":"https:\/\/pop-co.fr\/index.php\/wp-json\/wp\/v2\/comments?post=5729"}],"version-history":[{"count":0,"href":"https:\/\/pop-co.fr\/index.php\/wp-json\/wp\/v2\/product\/5729\/revisions"}],"wp:featuredmedia":[{"embeddable":true,"href":"https:\/\/pop-co.fr\/index.php\/wp-json\/wp\/v2\/media\/175075"}],"wp:attachment":[{"href":"https:\/\/pop-co.fr\/index.php\/wp-json\/wp\/v2\/media?parent=5729"}],"wp:term":[{"taxonomy":"product_cat","embeddable":true,"href":"https:\/\/pop-co.fr\/index.php\/wp-json\/wp\/v2\/product_cat?post=5729"},{"taxonomy":"product_tag","embeddable":true,"href":"https:\/\/pop-co.fr\/index.php\/wp-json\/wp\/v2\/product_tag?post=5729"}],"curies":[{"name":"wp","href":"https:\/\/api.w.org\/{rel}","templated":true}]}}