{"id":6003,"date":"2024-02-20T19:28:31","date_gmt":"2024-02-20T18:28:31","guid":{"rendered":"https:\/\/pop-co.fr\/index.php\/product\/calendrier-perpetuel-3d-marvel-groot\/"},"modified":"2025-06-28T14:09:52","modified_gmt":"2025-06-28T12:09:52","slug":"calendrier-perpetuel-3d-marvel-groot","status":"publish","type":"product","link":"https:\/\/pop-co.fr\/index.php\/product\/calendrier-perpetuel-3d-marvel-groot\/","title":{"rendered":"CALENDRIER PERPETUEL 3D &#8211; MARVEL &#8211; Groot"},"content":{"rendered":"<p>Calendrier perp\u00e9tuel 3D en r\u00e9sine et peint \u00e0 la main en couleur. Il comprend 5 blocs avec des jours et des mois qui peuvent \u00eatre interchang\u00e9s et combin\u00e9s pour configurer toutes les dates possibles d&rsquo;une m\u00eame ann\u00e9e.<\/p>\n<p>Dimensions: 9,9 x 11,5 x 13,5cm<\/p>\n","protected":false},"excerpt":{"rendered":"<p>Calendrier perp\u00e9tuel 3D en r\u00e9sine et peint \u00e0 la main en couleur. Il comprend 5 blocs avec des jours et des mois qui peuvent \u00eatre interchang\u00e9s et combin\u00e9s pour configurer toutes les dates possibles d&rsquo;une m\u00eame ann\u00e9e. Dimensions: 9,9 x 11,5 x 13,5cm<\/p>\n","protected":false},"featured_media":258445,"comment_status":"open","ping_status":"closed","template":"","meta":[],"product_cat":[29,63],"product_tag":[],"aioseo_notices":[],"jetpack_sharing_enabled":true,"_links":{"self":[{"href":"https:\/\/pop-co.fr\/index.php\/wp-json\/wp\/v2\/product\/6003"}],"collection":[{"href":"https:\/\/pop-co.fr\/index.php\/wp-json\/wp\/v2\/product"}],"about":[{"href":"https:\/\/pop-co.fr\/index.php\/wp-json\/wp\/v2\/types\/product"}],"replies":[{"embeddable":true,"href":"https:\/\/pop-co.fr\/index.php\/wp-json\/wp\/v2\/comments?post=6003"}],"version-history":[{"count":0,"href":"https:\/\/pop-co.fr\/index.php\/wp-json\/wp\/v2\/product\/6003\/revisions"}],"wp:featuredmedia":[{"embeddable":true,"href":"https:\/\/pop-co.fr\/index.php\/wp-json\/wp\/v2\/media\/258445"}],"wp:attachment":[{"href":"https:\/\/pop-co.fr\/index.php\/wp-json\/wp\/v2\/media?parent=6003"}],"wp:term":[{"taxonomy":"product_cat","embeddable":true,"href":"https:\/\/pop-co.fr\/index.php\/wp-json\/wp\/v2\/product_cat?post=6003"},{"taxonomy":"product_tag","embeddable":true,"href":"https:\/\/pop-co.fr\/index.php\/wp-json\/wp\/v2\/product_tag?post=6003"}],"curies":[{"name":"wp","href":"https:\/\/api.w.org\/{rel}","templated":true}]}}