{"id":60163,"date":"2024-03-26T17:38:25","date_gmt":"2024-03-26T16:38:25","guid":{"rendered":"https:\/\/pop-co.fr\/index.php\/product\/tirelire-disney-marie-les-aristochats\/"},"modified":"2025-06-28T12:58:24","modified_gmt":"2025-06-28T10:58:24","slug":"tirelire-disney-marie-les-aristochats","status":"publish","type":"product","link":"https:\/\/pop-co.fr\/index.php\/product\/tirelire-disney-marie-les-aristochats\/","title":{"rendered":"TIRELIRE &#8211; DISNEY &#8211; Marie (Les aristochats)"},"content":{"rendered":"<p>\u00c9pargnez pour une fabuleuse aventure avec cette magnifique tirelire Marie peinte \u00e0 la main. De la collection Oui Marie de DISNEY, l&rsquo;un des personnages les plus mignons de Disney \u00e0 offrir \u00e0 d&rsquo;adorables cadeaux.<\/p>\n<p>D\u00e9tails :<br \/>\n&#8211; R\u00e9sine peinte \u00e0 la main<br \/>\n&#8211; Moul\u00e9 \u00e0 partir d&rsquo;un moule en argile fait main<br \/>\n&#8211; Joli design d&rsquo;assise Marie<br \/>\n&#8211; Fente au dos pour les pi\u00e8ces et les billets pli\u00e9s<br \/>\n&#8211; Col et n\u0153uds orn\u00e9s de paillettes roses m\u00e9tallis\u00e9es<br \/>\n&#8211; H : 16,5 cm<br \/>\n&#8211; Bouchon en caoutchouc facile \u00e0 retirer<br \/>\n&#8211; Coussins de protection en mousse sur la base<br \/>\n&#8211; Coffret cadeau de marque<\/p>\n<p>Oui Marie propose l&rsquo;un des personnages les plus adorables de Disney dans une gamme de cadeaux abordables con\u00e7us sp\u00e9cialement pour les petites filles. Des paillettes roses, des motifs roses et l&rsquo;adorable h\u00e9ro\u00efne des Aristocats : quoi de plus parfait !<\/p>\n","protected":false},"excerpt":{"rendered":"<p>\u00c9pargnez pour une fabuleuse aventure avec cette magnifique tirelire Marie peinte \u00e0 la main. De la collection Oui Marie de DISNEY, l&rsquo;un des personnages les plus mignons de Disney \u00e0 offrir \u00e0 d&rsquo;adorables cadeaux. D\u00e9tails : &#8211; R\u00e9sine peinte \u00e0 la main &#8211; Moul\u00e9 \u00e0 partir d&rsquo;un moule en argile fait main &#8211; Joli design [&hellip;]<\/p>\n","protected":false},"featured_media":346563,"comment_status":"open","ping_status":"closed","template":"","meta":[],"product_cat":[29],"product_tag":[],"aioseo_notices":[],"jetpack_sharing_enabled":true,"_links":{"self":[{"href":"https:\/\/pop-co.fr\/index.php\/wp-json\/wp\/v2\/product\/60163"}],"collection":[{"href":"https:\/\/pop-co.fr\/index.php\/wp-json\/wp\/v2\/product"}],"about":[{"href":"https:\/\/pop-co.fr\/index.php\/wp-json\/wp\/v2\/types\/product"}],"replies":[{"embeddable":true,"href":"https:\/\/pop-co.fr\/index.php\/wp-json\/wp\/v2\/comments?post=60163"}],"version-history":[{"count":0,"href":"https:\/\/pop-co.fr\/index.php\/wp-json\/wp\/v2\/product\/60163\/revisions"}],"wp:featuredmedia":[{"embeddable":true,"href":"https:\/\/pop-co.fr\/index.php\/wp-json\/wp\/v2\/media\/346563"}],"wp:attachment":[{"href":"https:\/\/pop-co.fr\/index.php\/wp-json\/wp\/v2\/media?parent=60163"}],"wp:term":[{"taxonomy":"product_cat","embeddable":true,"href":"https:\/\/pop-co.fr\/index.php\/wp-json\/wp\/v2\/product_cat?post=60163"},{"taxonomy":"product_tag","embeddable":true,"href":"https:\/\/pop-co.fr\/index.php\/wp-json\/wp\/v2\/product_tag?post=60163"}],"curies":[{"name":"wp","href":"https:\/\/api.w.org\/{rel}","templated":true}]}}