{"id":60214,"date":"2024-03-27T12:07:57","date_gmt":"2024-03-27T11:07:57","guid":{"rendered":"https:\/\/pop-co.fr\/index.php\/product\/tirelire-disney-stitch-5\/"},"modified":"2025-06-28T12:58:08","modified_gmt":"2025-06-28T10:58:08","slug":"tirelire-disney-stitch-5","status":"publish","type":"product","link":"https:\/\/pop-co.fr\/index.php\/product\/tirelire-disney-stitch-5\/","title":{"rendered":"TIRELIRE &#8211; DISNEY &#8211; Stitch"},"content":{"rendered":"<p>Une tirelire Stitch de DISNEY\u00ae.<\/p>\n<p>Cette tirelire embl\u00e9matique refl\u00e8te la magie de Disney et peut \u00eatre appr\u00e9ci\u00e9e par les fans de tous \u00e2ges.<\/p>\n<p>Cette magnifique tirelire en r\u00e9sine est dot\u00e9e d&rsquo;un moule parfait en Stitch de Lilo &#038; Stitch, avec une couleur bleue et une finition vintage. La fente \u00e0 billets est situ\u00e9e sur le dos de Stitch, tandis que son bouchon en caoutchouc facile \u00e0 retirer repose sur la base pour faciliter le retrait des fonds. <\/p>\n<p>La tirelire est emball\u00e9e dans une bo\u00eete ferm\u00e9e imprim\u00e9e en 4c.<\/p>\n","protected":false},"excerpt":{"rendered":"<p>Une tirelire Stitch de DISNEY\u00ae. Cette tirelire embl\u00e9matique refl\u00e8te la magie de Disney et peut \u00eatre appr\u00e9ci\u00e9e par les fans de tous \u00e2ges. Cette magnifique tirelire en r\u00e9sine est dot\u00e9e d&rsquo;un moule parfait en Stitch de Lilo &#038; Stitch, avec une couleur bleue et une finition vintage. La fente \u00e0 billets est situ\u00e9e sur le [&hellip;]<\/p>\n","protected":false},"featured_media":148482,"comment_status":"open","ping_status":"closed","template":"","meta":[],"product_cat":[30],"product_tag":[],"aioseo_notices":[],"jetpack_sharing_enabled":true,"_links":{"self":[{"href":"https:\/\/pop-co.fr\/index.php\/wp-json\/wp\/v2\/product\/60214"}],"collection":[{"href":"https:\/\/pop-co.fr\/index.php\/wp-json\/wp\/v2\/product"}],"about":[{"href":"https:\/\/pop-co.fr\/index.php\/wp-json\/wp\/v2\/types\/product"}],"replies":[{"embeddable":true,"href":"https:\/\/pop-co.fr\/index.php\/wp-json\/wp\/v2\/comments?post=60214"}],"version-history":[{"count":0,"href":"https:\/\/pop-co.fr\/index.php\/wp-json\/wp\/v2\/product\/60214\/revisions"}],"wp:featuredmedia":[{"embeddable":true,"href":"https:\/\/pop-co.fr\/index.php\/wp-json\/wp\/v2\/media\/148482"}],"wp:attachment":[{"href":"https:\/\/pop-co.fr\/index.php\/wp-json\/wp\/v2\/media?parent=60214"}],"wp:term":[{"taxonomy":"product_cat","embeddable":true,"href":"https:\/\/pop-co.fr\/index.php\/wp-json\/wp\/v2\/product_cat?post=60214"},{"taxonomy":"product_tag","embeddable":true,"href":"https:\/\/pop-co.fr\/index.php\/wp-json\/wp\/v2\/product_tag?post=60214"}],"curies":[{"name":"wp","href":"https:\/\/api.w.org\/{rel}","templated":true}]}}