{"id":60220,"date":"2024-03-27T12:08:05","date_gmt":"2024-03-27T11:08:05","guid":{"rendered":"https:\/\/pop-co.fr\/index.php\/product\/tirelire-disney-simba-le-roi-lion\/"},"modified":"2025-06-28T12:58:11","modified_gmt":"2025-06-28T10:58:11","slug":"tirelire-disney-simba-le-roi-lion","status":"publish","type":"product","link":"https:\/\/pop-co.fr\/index.php\/product\/tirelire-disney-simba-le-roi-lion\/","title":{"rendered":"TIRELIRE &#8211; DISNEY &#8211; Simba (Le roi lion)"},"content":{"rendered":"<p>Laissez le Prince of Pride Rock s&rsquo;occuper de vos sous avec cette tirelire Simba. De la collection Disney Lion King, des cadeaux qui ne manqueront pas de vous faire vibrer !<\/p>\n<p>Cette tirelire Simba 3D peinte \u00e0 la main est moul\u00e9e \u00e0 partir d&rsquo;un moule en argile fabriqu\u00e9 \u00e0 la main. Simba est assis avec une lueur effront\u00e9e dans les yeux. Il y a une fente sur son dos pour les pi\u00e8ces et les billets pli\u00e9s et un bouchon en caoutchouc facile \u00e0 retirer sur la base. Il poss\u00e8de \u00e9galement des pieds en mousse pour prot\u00e9ger les surfaces de la maison.<\/p>\n<p>Livr\u00e9 dans un coffret cadeau de marque.<\/p>\n","protected":false},"excerpt":{"rendered":"<p>Laissez le Prince of Pride Rock s&rsquo;occuper de vos sous avec cette tirelire Simba. De la collection Disney Lion King, des cadeaux qui ne manqueront pas de vous faire vibrer ! Cette tirelire Simba 3D peinte \u00e0 la main est moul\u00e9e \u00e0 partir d&rsquo;un moule en argile fabriqu\u00e9 \u00e0 la main. Simba est assis avec [&hellip;]<\/p>\n","protected":false},"featured_media":318173,"comment_status":"open","ping_status":"closed","template":"","meta":[],"product_cat":[29],"product_tag":[],"aioseo_notices":[],"jetpack_sharing_enabled":true,"_links":{"self":[{"href":"https:\/\/pop-co.fr\/index.php\/wp-json\/wp\/v2\/product\/60220"}],"collection":[{"href":"https:\/\/pop-co.fr\/index.php\/wp-json\/wp\/v2\/product"}],"about":[{"href":"https:\/\/pop-co.fr\/index.php\/wp-json\/wp\/v2\/types\/product"}],"replies":[{"embeddable":true,"href":"https:\/\/pop-co.fr\/index.php\/wp-json\/wp\/v2\/comments?post=60220"}],"version-history":[{"count":0,"href":"https:\/\/pop-co.fr\/index.php\/wp-json\/wp\/v2\/product\/60220\/revisions"}],"wp:featuredmedia":[{"embeddable":true,"href":"https:\/\/pop-co.fr\/index.php\/wp-json\/wp\/v2\/media\/318173"}],"wp:attachment":[{"href":"https:\/\/pop-co.fr\/index.php\/wp-json\/wp\/v2\/media?parent=60220"}],"wp:term":[{"taxonomy":"product_cat","embeddable":true,"href":"https:\/\/pop-co.fr\/index.php\/wp-json\/wp\/v2\/product_cat?post=60220"},{"taxonomy":"product_tag","embeddable":true,"href":"https:\/\/pop-co.fr\/index.php\/wp-json\/wp\/v2\/product_tag?post=60220"}],"curies":[{"name":"wp","href":"https:\/\/api.w.org\/{rel}","templated":true}]}}